{"id":5201,"date":"2025-04-03T19:43:29","date_gmt":"2025-04-03T19:43:29","guid":{"rendered":"https:\/\/cftmaritime.com\/?page_id=5201"},"modified":"2025-05-21T22:23:47","modified_gmt":"2025-05-21T22:23:47","slug":"politique-en-matiere-de-cookie","status":"publish","type":"page","link":"https:\/\/cms-euro.com\/?page_id=5201","title":{"rendered":"Politique en mati\u00e8re de cookie"},"content":{"rendered":"\t\t<div data-elementor-type=\"wp-page\" data-elementor-id=\"5201\" class=\"elementor elementor-5201\">\n\t\t\t\t<div class=\"wd-negative-gap elementor-element elementor-element-53cc974f e-flex e-con-boxed e-con e-parent\" data-id=\"53cc974f\" data-element_type=\"container\">\n\t\t\t\t\t<div class=\"e-con-inner\">\n\t\t\t\t<div class=\"elementor-element elementor-element-23e12dd3 color-scheme-inherit text-left elementor-widget elementor-widget-text-editor\" data-id=\"23e12dd3\" data-element_type=\"widget\" data-widget_type=\"text-editor.default\">\n\t\t\t\t<div class=\"elementor-widget-container\">\n\t\t\t\t\t\t\t\t\t<p><\/p>\n<h3 class=\"wp-block-heading\">1. Qu&rsquo;est-ce qu&rsquo;un cookie ?<\/h3>\n<p><\/p>\n<p>Un cookie est un petit fichier constitu\u00e9 de lettres et de chiffres, et t\u00e9l\u00e9charg\u00e9 sur votre ordinateur lorsque vous acc\u00e9dez \u00e0 certains sites Web. En g\u00e9n\u00e9ral, les cookies permettent \u00e0 un site Web de reconna\u00eetre l&rsquo;ordinateur de l\u2019utilisateur.<\/p>\n<p><\/p>\n<p><\/p>\n<p><\/p>\n<p>La chose la plus importante \u00e0 savoir sur les cookies que nous pla\u00e7ons est qu&rsquo;ils servent \u00e0 am\u00e9liorer la convivialit\u00e9 de notre site web, par exemple en m\u00e9morisant les pr\u00e9f\u00e9rences du site et les param\u00e8tres linguistiques.<\/p>\n<p><\/p>\n<h2 class=\"wp-block-heading\">2. Pourquoi utilisons-nous des cookies ?<\/h2>\n<p><\/p>\n<p>Nous pouvons utiliser des cookies et d&rsquo;autres technologies similaires pour un certain nombre de raisons, par exemple : i) pour des besoins de s\u00e9curit\u00e9 ou de protection contre la fraude, et afin d&rsquo;identifier et de pr\u00e9venir les cyber-attaques, ii) pour vous fournir le service que vous avez choisi de recevoir de notre part, iii) pour contr\u00f4ler et analyser les performances, le fonctionnement et l&rsquo;efficacit\u00e9 de notre service et iv) am\u00e9liorer votre exp\u00e9rience utilisateur.<\/p>\n<p><\/p>\n<h2 class=\"wp-block-heading\">3. Tableau des cookies :<\/h2>\n<p><\/p>\n<p>Dans cette section, vous devez mentionner les cookies que vous utilisez sur votre site. Pour plus d&rsquo;informations,&nbsp;<a href=\"https:\/\/support.wix.com\/fr\/article\/les-cookies-et-votre-site-wix\" target=\"_blank\" rel=\"noreferrer noopener\">cliquez ici<\/a>.<\/p>\n<p><\/p>\n<h2 class=\"wp-block-heading\">4. Vos choix :<\/h2>\n<p><\/p>\n<p>Vous pouvez \u00e9galement emp\u00eacher votre navigateur d&rsquo;accepter les cookies en modifiant les param\u00e8tres correspondants de votre navigateur. Vous pouvez g\u00e9n\u00e9ralement trouver ces param\u00e8tres dans le menu \u00ab options \u00bb ou \u00ab pr\u00e9f\u00e9rences \u00bb de votre navigateur.<\/p>\n<p><\/p>\n<p>Veuillez noter que la suppression de nos cookies ou la d\u00e9sactivation de futurs cookies ou technologies de suivi peut vous emp\u00eacher d&rsquo;acc\u00e9der \u00e0 certaines zones ou fonctionnalit\u00e9s de nos services, ou peut avoir un impact n\u00e9gatif sur votre exp\u00e9rience utilisateur.<\/p>\n<p><\/p>\n<p>Les liens suivants peuvent \u00eatre utiles, ou vous pouvez utiliser l&rsquo;option \u00ab Aide \u00bb de votre navigateur.<\/p>\n<p><\/p>\n<ul class=\"wp-block-list\"><p><\/p>\n<li><a href=\"https:\/\/support.mozilla.org\/fr\/kb\/protection-renforcee-contre-pistage-firefox-ordinateur?redirectslug=Enabling+and+disabling+cookies&amp;redirectlocale=en-US\" target=\"_blank\" rel=\"noreferrer noopener\">Param\u00e8tres des cookies dans Firefox<\/a><\/li>\n<p><\/p>\n<li><a href=\"https:\/\/support.microsoft.com\/fr-fr\/topic\/supprimer-et-g%C3%A9rer-les-cookies-168dab11-0753-043d-7c16-ede5947fc64d\" target=\"_blank\" rel=\"noreferrer noopener\">Param\u00e8tres des cookies dans Internet Explorer<\/a><\/li>\n<p><\/p>\n<li><a href=\"https:\/\/support.google.com\/chrome\/answer\/95647?hl=fr\" target=\"_blank\" rel=\"noreferrer noopener\">Param\u00e8tres des cookies dans Google Chrome<\/a><\/li>\n<p><\/p>\n<li><a href=\"https:\/\/support.apple.com\/fr-fr\/guide\/safari\/sfri11471\/mac\" target=\"_blank\" rel=\"noreferrer noopener\">Param\u00e8tres des cookies dans Safari (OS X)<\/a><\/li>\n<p><\/p>\n<li><a href=\"https:\/\/support.apple.com\/fr-fr\/HT201265\" target=\"_blank\" rel=\"noreferrer noopener\">Param\u00e8tres des cookies dans Safari (iOS)<\/a><\/li>\n<p><\/p>\n<li><a href=\"https:\/\/support.google.com\/accounts\/answer\/32050?co=GENIE.Platform%3DAndroid&amp;hl=fr\" target=\"_blank\" rel=\"noreferrer noopener\">Param\u00e8tres des cookies dans Android<\/a><\/li>\n<p><\/p>\n<\/ul>\n<p><\/p>\n<p><\/p>\n<p><\/p>\n<p>Pour refuser et emp\u00eacher que vos donn\u00e9es soient utilis\u00e9es par Google Analytics sur tous les sites Web, consultez les instructions suivantes :&nbsp;<\/p>\n<p><\/p>\n<figure>\n<div>https:\/\/tools.google.com\/dlpage\/gaoptout?hl=fr<\/div>\n<\/figure>\n<p><\/p>\n<p>Il se peut que nous modifiions cette politique en mati\u00e8re de cookies. Nous vous encourageons \u00e0 consulter r\u00e9guli\u00e8rement cette page pour obtenir les derni\u00e8res informations sur les cookies.<\/p>\n<p><\/p>\n<p><\/p>\n<p><\/p>\n<p>Pour toute question suppl\u00e9mentaire ou demande sp\u00e9cifique, n\u2019h\u00e9sitez pas \u00e0 nous contacter :<\/p>\n<p><\/p>\n<p><\/p>\n<p><\/p>\n<p>CFT MARITIME OVERSEAS<\/p>\n<p>+33 (0) 7 59 92 34 917<br>contact@cftmaritime.com<br>Site internet : www.<a href=\"http:\/\/cftmaritime.com\">cftmaritime.com<\/a><\/p>\n<p><\/p>\t\t\t\t\t\t\t\t<\/div>\n\t\t\t\t<\/div>\n\t\t\t\t\t<\/div>\n\t\t\t\t<\/div>\n\t\t\t\t<\/div>\n\t\t","protected":false},"excerpt":{"rendered":"<p>1. Qu&rsquo;est-ce qu&rsquo;un cookie ? Un cookie est un petit fichier constitu\u00e9 de lettres et de chiffres, et t\u00e9l\u00e9charg\u00e9 sur<\/p>\n","protected":false},"author":1,"featured_media":0,"parent":0,"menu_order":0,"comment_status":"closed","ping_status":"closed","template":"","meta":{"inline_featured_image":false,"footnotes":""},"class_list":["post-5201","page","type-page","status-publish","hentry"],"_links":{"self":[{"href":"https:\/\/cms-euro.com\/index.php?rest_route=\/wp\/v2\/pages\/5201","targetHints":{"allow":["GET"]}}],"collection":[{"href":"https:\/\/cms-euro.com\/index.php?rest_route=\/wp\/v2\/pages"}],"about":[{"href":"https:\/\/cms-euro.com\/index.php?rest_route=\/wp\/v2\/types\/page"}],"author":[{"embeddable":true,"href":"https:\/\/cms-euro.com\/index.php?rest_route=\/wp\/v2\/users\/1"}],"replies":[{"embeddable":true,"href":"https:\/\/cms-euro.com\/index.php?rest_route=%2Fwp%2Fv2%2Fcomments&post=5201"}],"version-history":[{"count":4,"href":"https:\/\/cms-euro.com\/index.php?rest_route=\/wp\/v2\/pages\/5201\/revisions"}],"predecessor-version":[{"id":11959,"href":"https:\/\/cms-euro.com\/index.php?rest_route=\/wp\/v2\/pages\/5201\/revisions\/11959"}],"wp:attachment":[{"href":"https:\/\/cms-euro.com\/index.php?rest_route=%2Fwp%2Fv2%2Fmedia&parent=5201"}],"curies":[{"name":"wp","href":"https:\/\/api.w.org\/{rel}","templated":true}]}}