{"id":10103,"date":"2025-05-08T11:40:36","date_gmt":"2025-05-08T11:40:36","guid":{"rendered":"https:\/\/cms-euro.com\/?post_type=product&#038;p=10103"},"modified":"2025-05-08T11:42:07","modified_gmt":"2025-05-08T11:42:07","slug":"cheval-liberte-gold-touring-country-2600-kg","status":"publish","type":"product","link":"https:\/\/cms-euro.com\/?product=cheval-liberte-gold-touring-country-2600-kg","title":{"rendered":"Cheval Libert\u00e9 Gold TOURING Country &#8211; 2600 kg"},"content":{"rendered":"<ul>\n<li>Ann\u00e9e : 2023<\/li>\n<li>Donnee de base<\/li>\n<\/ul>\n<p>Forme du corps<br \/>\nTransporteur de chevaux\/b\u00e9tail<br \/>\nType de v\u00e9hicule<br \/>\nNouveau<br \/>\nDonn\u00e9es techniques<br \/>\nHauteur de l&rsquo;espace de chargement<br \/>\n2 300 mm<br \/>\nLargeur de l&rsquo;espace de chargement<br \/>\n1 670 mm<br \/>\nLongueur de l&rsquo;espace de chargement<br \/>\n3 200 mm<\/p>\n","protected":false},"excerpt":{"rendered":"<p>Cheval Libert\u00e9 Gold TOURING Country &#8211; 2600 kg<br \/>\nSortie avant+ incluant 100 km\/h<\/p>\n<p>\u00c9quipement standard:<br \/>\nPTAC 2600 kg<br \/>\nsortie avant divis\u00e9e en aluminium<br \/>\nverrouillable<br \/>\nde nouvelles poign\u00e9es de haute qualit\u00e9 !<br \/>\nCharge utile environ 1700 kg<br \/>\nDERNIER MOD\u00c8LE<br \/>\nCH\u00c2SSIS PULLMANN : Fus\u00e9es d&rsquo;essieu + ressorts h\u00e9lico\u00efdaux + amortisseurs + conversion 100 km\/h incluse !!!<br \/>\nSOL EN ALUMINIUM avec base en caoutchouc coll\u00e9 + scell\u00e9<br \/>\nCaoutchouc sur hayon + marchepieds int\u00e9gr\u00e9s sur hayon et couvercle lat\u00e9ral<br \/>\nPorte de service \u00e0 droite<br \/>\nFrein \u00e0 inertie Knott<br \/>\nBarres de poitrine et de queue r\u00e9glables en hauteur et en profondeur<br \/>\nGrand \u00e9clairage de s\u00e9curit\u00e9 + fiche 13 broches + feux de position + feu stop LED en saillie<br \/>\nd\u00e9cor<br \/>\nstore b\u00e2che auto-enroulable<br \/>\ncadre stable dans le bain de trempage + timon en V galvanis\u00e9 \u00e0 chaud<br \/>\nRoue jockey automatique au milieu<br \/>\nLe hayon peut \u00eatre tourn\u00e9 et pivot\u00e9, par exemple (pour l&rsquo;entr\u00e9e directe des chevaux ou le chargement)<br \/>\n\u00c9clairage int\u00e9rieur + ventilateur de toit<br \/>\n2 vitres coulissantes teint\u00e9es avec spoiler<br \/>\nRembourrage lat\u00e9ral + protection contre les coups de pied<br \/>\nS\u00e9paration des \u00e9talons \u00e0 travers une cloison continue<\/p>\n","protected":false},"featured_media":10282,"comment_status":"closed","ping_status":"closed","template":"","meta":{"inline_featured_image":false},"product_brand":[],"product_cat":[121],"product_tag":[],"class_list":{"0":"post-10103","1":"product","2":"type-product","3":"status-publish","4":"has-post-thumbnail","6":"product_cat-accessories","8":"first","9":"instock","10":"sale","11":"product-type-simple"},"_links":{"self":[{"href":"https:\/\/cms-euro.com\/index.php?rest_route=\/wp\/v2\/product\/10103","targetHints":{"allow":["GET"]}}],"collection":[{"href":"https:\/\/cms-euro.com\/index.php?rest_route=\/wp\/v2\/product"}],"about":[{"href":"https:\/\/cms-euro.com\/index.php?rest_route=\/wp\/v2\/types\/product"}],"replies":[{"embeddable":true,"href":"https:\/\/cms-euro.com\/index.php?rest_route=%2Fwp%2Fv2%2Fcomments&post=10103"}],"version-history":[{"count":0,"href":"https:\/\/cms-euro.com\/index.php?rest_route=\/wp\/v2\/product\/10103\/revisions"}],"wp:featuredmedia":[{"embeddable":true,"href":"https:\/\/cms-euro.com\/index.php?rest_route=\/wp\/v2\/media\/10282"}],"wp:attachment":[{"href":"https:\/\/cms-euro.com\/index.php?rest_route=%2Fwp%2Fv2%2Fmedia&parent=10103"}],"wp:term":[{"taxonomy":"product_brand","embeddable":true,"href":"https:\/\/cms-euro.com\/index.php?rest_route=%2Fwp%2Fv2%2Fproduct_brand&post=10103"},{"taxonomy":"product_cat","embeddable":true,"href":"https:\/\/cms-euro.com\/index.php?rest_route=%2Fwp%2Fv2%2Fproduct_cat&post=10103"},{"taxonomy":"product_tag","embeddable":true,"href":"https:\/\/cms-euro.com\/index.php?rest_route=%2Fwp%2Fv2%2Fproduct_tag&post=10103"}],"curies":[{"name":"wp","href":"https:\/\/api.w.org\/{rel}","templated":true}]}}