{"id":10106,"date":"2025-05-08T11:40:37","date_gmt":"2025-05-08T11:40:37","guid":{"rendered":"https:\/\/cms-euro.com\/?post_type=product&#038;p=10106"},"modified":"2025-05-08T11:42:18","modified_gmt":"2025-05-08T11:42:18","slug":"container-maritime-20%e2%80%b2-dry","status":"publish","type":"product","link":"https:\/\/cms-euro.com\/?product=container-maritime-20%e2%80%b2-dry","title":{"rendered":"Container maritime 20\u2032 DRY"},"content":{"rendered":"<h1 class=\"_2qrJF\" data-hook=\"product-title\">1er Voyage REEFER<\/h1>\n","protected":false},"excerpt":{"rendered":"<p><strong>Mat\u00e9riel:<\/strong>\u00a0Container maritime<br \/>\n<strong>Mod\u00e8le:<\/strong>\u00a020\u2032 ft REEFER (-20\u00b0 \/ + 20\u00b0)<br \/>\n<strong>Etat:<\/strong>\u00a01er Voyage*<br \/>\n<strong>Ann\u00e9e:<\/strong>\u00a0NC<br \/>\n<strong>R\u00e9f\u00e9rence:<\/strong>\u00a0DEVCONTREEF20<br \/>\n<strong>Dimensions ext\u00e9rieures:<\/strong>\u00a0L.6.058 x l.2.438 x h.2.591 m<br \/>\n<strong>Dimensions int\u00e9rieures:<\/strong>\u00a0L.5.320 x l.2.260 x h.2.150 m<\/p>\n<p><strong>Poids:<\/strong>\u00a02985 kg<br \/>\n<strong>Surface:<\/strong>\u00a012m2<\/p>\n<p>Dimensions ext\u00e9rieures: longueur x largeur x hauteur = 6.06m x 2.44m x 2.59m<br \/>\nDimensions int\u00e9rieures: longueur x largeur x hauteur = 5.32m x 2.27m x 2.23m<br \/>\nPoids \u00e0 vide: 2985 Kg<br \/>\nCharge maximum autoris\u00e9e: 27 000 Kg<br \/>\nIsolation panneau sandwich de laine min\u00e9rale 50mm<br \/>\nMat\u00e9riel conforme aux exigences de stockage<br \/>\nM\u00e9canique r\u00e9vis\u00e9e. Temp\u00e9ratures de fonctionnement +20\u00b0 \/ -20\u00b0<br \/>\nOptions incluses:<br \/>\n\u2013 Porte 2\/3 \u2013 1\/3 \u00e0 ouverture facile et s\u00e9curis\u00e9e par cl\u00e9<br \/>\n\u2013 Rampe d\u2019acc\u00e8s adapt\u00e9e<br \/>\n\u2013 Sol lisse sp\u00e9cialement adapt\u00e9 aux engins de manutention<br \/>\n\u2013 Alarme + indicateur visuel + sir\u00e8ne<br \/>\n\u2013 Eclairage LED encastr\u00e9<br \/>\n\u2013 Ouverture d\u2019urgence<br \/>\n\u2013 Rideau<\/p>\n<p>D\u00e9finition 1er voyage: Fabrication \u2013 de 18 mois, utilis\u00e9 qu\u2019une seule fois avec un chargement du pays de fabrication vers le pays de destination finale.<br \/>\nEn cons\u00e9quence le container peut souffrir de quelques dommages dus aux manoeuvres de chargement et d\u00e9chargement.<\/p>\n","protected":false},"featured_media":10307,"comment_status":"closed","ping_status":"closed","template":"","meta":{"inline_featured_image":false},"product_brand":[],"product_cat":[117,125,119],"product_tag":[],"class_list":{"0":"post-10106","1":"product","2":"type-product","3":"status-publish","4":"has-post-thumbnail","6":"product_cat-containers","7":"product_cat-conteneurs-frigorifiques","8":"product_cat-conteneurs-neufs-et-occasions","10":"first","11":"instock","12":"sale","13":"taxable","14":"shipping-taxable","15":"product-type-simple"},"_links":{"self":[{"href":"https:\/\/cms-euro.com\/index.php?rest_route=\/wp\/v2\/product\/10106","targetHints":{"allow":["GET"]}}],"collection":[{"href":"https:\/\/cms-euro.com\/index.php?rest_route=\/wp\/v2\/product"}],"about":[{"href":"https:\/\/cms-euro.com\/index.php?rest_route=\/wp\/v2\/types\/product"}],"replies":[{"embeddable":true,"href":"https:\/\/cms-euro.com\/index.php?rest_route=%2Fwp%2Fv2%2Fcomments&post=10106"}],"version-history":[{"count":0,"href":"https:\/\/cms-euro.com\/index.php?rest_route=\/wp\/v2\/product\/10106\/revisions"}],"wp:featuredmedia":[{"embeddable":true,"href":"https:\/\/cms-euro.com\/index.php?rest_route=\/wp\/v2\/media\/10307"}],"wp:attachment":[{"href":"https:\/\/cms-euro.com\/index.php?rest_route=%2Fwp%2Fv2%2Fmedia&parent=10106"}],"wp:term":[{"taxonomy":"product_brand","embeddable":true,"href":"https:\/\/cms-euro.com\/index.php?rest_route=%2Fwp%2Fv2%2Fproduct_brand&post=10106"},{"taxonomy":"product_cat","embeddable":true,"href":"https:\/\/cms-euro.com\/index.php?rest_route=%2Fwp%2Fv2%2Fproduct_cat&post=10106"},{"taxonomy":"product_tag","embeddable":true,"href":"https:\/\/cms-euro.com\/index.php?rest_route=%2Fwp%2Fv2%2Fproduct_tag&post=10106"}],"curies":[{"name":"wp","href":"https:\/\/api.w.org\/{rel}","templated":true}]}}