{"id":10111,"date":"2025-05-08T11:40:37","date_gmt":"2025-05-08T11:40:37","guid":{"rendered":"https:\/\/cms-euro.com\/?post_type=product&#038;p=10111"},"modified":"2025-05-22T10:10:46","modified_gmt":"2025-05-22T10:10:46","slug":"container-20-pieds-high-cube","status":"publish","type":"product","link":"https:\/\/cms-euro.com\/?product=container-20-pieds-high-cube","title":{"rendered":"Container 20 pieds High Cube"},"content":{"rendered":"<h1 class=\"_2qrJF\" data-hook=\"product-title\">C\u00f4t\u00e9 Ouvert Neuf (1er voyage)<\/h1>\n<p>Le conteneur 20 \u2018 high cube c\u00f4t\u00e9 ouvert est une excellente alternative \u00e0 la version standard de 20\u2032! Il offre toujours le m\u00eame acc\u00e8s facile et le chargement facile de marchandises \u00e0 travers les portes lat\u00e9rales, mais maintenant il dispose d\u2019une option cube \u00e9lev\u00e9e qui vous permet de profiter de l\u2019espace de stockage suppl\u00e9mentaire pour vos biens.<\/p>\n<p>Le conteneur est construit avec de l\u2019acier anti-corrosif CORTEN qui contient de meilleures propri\u00e9t\u00e9s de rouille et une plus grande int\u00e9grit\u00e9 structurale pour maximiser sa vie utileLes planchers des conteneurs sont compos\u00e9s de 19 plis de contreplaqu\u00e9 Keruing-Apitong de qualit\u00e9 marine dont la qualit\u00e9 d\u00e9passe celle du contreplaqu\u00e9 r\u00e9gulier. Ces planchers sont sp\u00e9cialement con\u00e7us pour r\u00e9sister aux conditions difficiles de chargement \/ d\u00e9chargement fr\u00e9quents et aux effets \u00e9rosifs de l\u2019eau sal\u00e9e des mers et des oc\u00e9ans.<\/p>\n","protected":false},"excerpt":{"rendered":"<p>Le conteneur 20 pieds HC Open Side dispose d&rsquo;une ouverture lat\u00e9rale afin de faciliter l&rsquo;acc\u00e8s \u00e0 votre marchandise.<\/p>\n<p>Surface = 14 m\u00b2<\/p>\n<p>Capacit\u00e9 = 37 m\u00b3<\/p>\n<p>Nombre de palettes = 10<\/p>\n<p>Longueur ext\u00e9rieure = 6.06 m<\/p>\n<p>Largueur ext\u00e9rieure = 2.44 m<\/p>\n<p>Hauteur ext\u00e9rieure = 2.89 m<\/p>\n<p>Longueur int\u00e9rieure = 5.9 m<\/p>\n<p>Largeur int\u00e9rieure = 2.35 m<\/p>\n<p>Hauteur int\u00e9rieure = 2.69 m<\/p>\n<p>Largeur porte = 2.34 m<\/p>\n<p>Hauteur porte = 2.58 m<\/p>\n<p>&nbsp;<\/p>\n<p>Structure = Acier Corten<\/p>\n<p>Plancher = Contreplaqu\u00e9 marine 28 mm<\/p>\n<p>Passage de fourches = 2050 mm<\/p>\n<p>&nbsp;<\/p>\n<p>Le conteneur 20 \u2018 high cube c\u00f4t\u00e9 ouvert est une excellente alternative \u00e0 la version standard de 20\u2032! Il offre toujours le m\u00eame acc\u00e8s facile et le chargement facile de marchandises \u00e0 travers les portes lat\u00e9rales, mais maintenant il dispose d\u2019une option cube \u00e9lev\u00e9e qui vous permet de profiter de l\u2019espace de stockage suppl\u00e9mentaire pour vos biens.<\/p>\n<p>Le conteneur est construit avec de l\u2019acier anti-corrosif CORTEN qui contient de meilleures propri\u00e9t\u00e9s de rouille et une plus grande int\u00e9grit\u00e9 structurale pour maximiser sa vie utileLes planchers des conteneurs sont compos\u00e9s de 19 plis de contreplaqu\u00e9 Keruing-Apitong de qualit\u00e9 marine dont la qualit\u00e9 d\u00e9passe celle du contreplaqu\u00e9 r\u00e9gulier. Ces planchers sont sp\u00e9cialement con\u00e7us pour r\u00e9sister aux conditions difficiles de chargement \/ d\u00e9chargement fr\u00e9quents et aux effets \u00e9rosifs de l\u2019eau sal\u00e9e des mers et des oc\u00e9ans.<\/p>\n","protected":false},"featured_media":10340,"comment_status":"closed","ping_status":"closed","template":"","meta":{"inline_featured_image":false},"product_brand":[],"product_cat":[128,117,126],"product_tag":[],"class_list":{"0":"post-10111","1":"product","2":"type-product","3":"status-publish","4":"has-post-thumbnail","6":"product_cat-container-maritime","7":"product_cat-containers","8":"product_cat-conteneurs-neufs-et-occasions-containers","10":"first","11":"instock","12":"sale","13":"taxable","14":"shipping-taxable","15":"product-type-simple"},"_links":{"self":[{"href":"https:\/\/cms-euro.com\/index.php?rest_route=\/wp\/v2\/product\/10111","targetHints":{"allow":["GET"]}}],"collection":[{"href":"https:\/\/cms-euro.com\/index.php?rest_route=\/wp\/v2\/product"}],"about":[{"href":"https:\/\/cms-euro.com\/index.php?rest_route=\/wp\/v2\/types\/product"}],"replies":[{"embeddable":true,"href":"https:\/\/cms-euro.com\/index.php?rest_route=%2Fwp%2Fv2%2Fcomments&post=10111"}],"version-history":[{"count":2,"href":"https:\/\/cms-euro.com\/index.php?rest_route=\/wp\/v2\/product\/10111\/revisions"}],"predecessor-version":[{"id":11978,"href":"https:\/\/cms-euro.com\/index.php?rest_route=\/wp\/v2\/product\/10111\/revisions\/11978"}],"wp:featuredmedia":[{"embeddable":true,"href":"https:\/\/cms-euro.com\/index.php?rest_route=\/wp\/v2\/media\/10340"}],"wp:attachment":[{"href":"https:\/\/cms-euro.com\/index.php?rest_route=%2Fwp%2Fv2%2Fmedia&parent=10111"}],"wp:term":[{"taxonomy":"product_brand","embeddable":true,"href":"https:\/\/cms-euro.com\/index.php?rest_route=%2Fwp%2Fv2%2Fproduct_brand&post=10111"},{"taxonomy":"product_cat","embeddable":true,"href":"https:\/\/cms-euro.com\/index.php?rest_route=%2Fwp%2Fv2%2Fproduct_cat&post=10111"},{"taxonomy":"product_tag","embeddable":true,"href":"https:\/\/cms-euro.com\/index.php?rest_route=%2Fwp%2Fv2%2Fproduct_tag&post=10111"}],"curies":[{"name":"wp","href":"https:\/\/api.w.org\/{rel}","templated":true}]}}