{"id":10196,"date":"2025-05-08T11:41:01","date_gmt":"2025-05-08T11:41:01","guid":{"rendered":"https:\/\/cms-euro.com\/?post_type=product&#038;p=10196"},"modified":"2025-05-08T11:42:39","modified_gmt":"2025-05-08T11:42:39","slug":"container-isotank-pour-transport-de-produits","status":"publish","type":"product","link":"https:\/\/cms-euro.com\/?product=container-isotank-pour-transport-de-produits","title":{"rendered":"Container Isotank Pour Transport de produits"},"content":{"rendered":"","protected":false},"excerpt":{"rendered":"<p><strong>Le container isotank<\/strong>\u00a0est utilis\u00e9 pour le transport de produits liquides tels que l\u2019alcool, les produits chimiques, produits liquides alimentaires (bi\u00e8res, vin et alcool de bouche), les hydrocarbures (gazole, sans plomb, jet A1, AVGAS), etc.<\/p>\n<p>&nbsp;<\/p>\n<p>&nbsp;<\/p>\n<p>Caract\u00e9ristiques techniques.<\/p>\n<p>Capacit\u00e9 : 14 \u00e0 26\u00a0 m3<\/p>\n<p>Longueur : 6 058 \u00e0 12 192 mm<\/p>\n<p>Autres dimensions : Nous consulter<\/p>\n<p>Informations compl\u00e9mentaires<\/p>\n<p>Charge max : 34 000 \u00e0 49 100 kg<\/p>\n<p>Poids \u00e0 vide : 2 900 \u00e0 5 100 kg<\/p>\n<p>Poids max : 42 000 \u00e0 55 000 kg<\/p>\n<p>&nbsp;<\/p>\n<p>Avantages :<\/p>\n<p>&#8211; D\u00e9di\u00e9 aux transports de produits liquides ou gazeux<br \/>\n&#8211; Fait pour l\u2019import-export<br \/>\n&#8211; Solution multimodale<br \/>\n&#8211; Transport facile et sans limite<\/p>\n<p>&nbsp;<\/p>\n<p>L\u2019avis de l\u2019expert :<\/p>\n<p>Le container ISOTANK aussi appel\u00e9 conteneur citerne est essentiellement utilis\u00e9 pour le transport de produits liquides ou gazeux tels que le carburant, les produits chimiques, le ciment, le goudron, alimentaires et beaucoup d\u2019autres produits sur demande.<\/p>\n<p>L\u2019utilisation d\u2019un r\u00e9servoir isotank pr\u00e9sente de nombreux avantages. Ils constituent un moyen extr\u00eamement fiable, \u00e9conomique et s\u00fbr pour transporter des liquides en vrac d\u2019un endroit \u00e0 l\u2019autre.<\/p>\n<p>Les ISOTANK existent sous diff\u00e9rentes formes, mais la base est toujours la m\u00eame : un tank et ou une cuve avec des renforts constitu\u00e9s de coin ISO lui garantissant une multimodalit\u00e9 entre les diff\u00e9rents moyens de transports existants dans le monde (barges, camions, train, porte conteneurs) :<\/p>\n<p>\u2013 Diff\u00e9rents types de rev\u00eatement selon les produits transport\u00e9s,<\/p>\n<p>\u2013 Isolation de la cuve afin de conserver le produit \u00e0 des temp\u00e9ratures positives ou n\u00e9gatives<\/p>\n<p>\u2013 Contr\u00f4le de la temp\u00e9rature via nourrice int\u00e9gr\u00e9e dans la cuve des conteneurs<\/p>\n<p>\u2013 Citerne r\u00e9frig\u00e9r\u00e9e pour conserver l\u2019\u00e9tat liquide ou gazeux du produit, appel\u00e9 TANK REEFER<\/p>\n<p>\u2013 Citerne chauffante pour ma\u00eetriser la temp\u00e9rature du produit, appel\u00e9 TANK REEFER<\/p>\n<p>\u2013 Citernes mobiles ADR, Atex r\u00e9pondant aussi aux normes UL, BS799, CSC selon vos exigences<\/p>\n<p>Ce type de conteneur est tr\u00e8s pris\u00e9 par l\u2019industrie, l\u2019arm\u00e9e, les p\u00e9troliers, les distilleries.<\/p>\n<p>Les containers r\u00e9servoirs ISO sont con\u00e7us pour r\u00e9pondre \u00e0 des crit\u00e8res sp\u00e9cifiques en fonction de la substance qu\u2019ils transporteront. De ce fait, ils sont tr\u00e8s fiables et peuvent r\u00e9sister \u00e0 des pressions et des dommages extr\u00eames (normes ADR). Il est tr\u00e8s r\u00e9sistant afin de r\u00e9duire consid\u00e9rablement les risques de fuites, ils peuvent \u00eatre transport\u00e9s par fret, par la route ou par la mer.<\/p>\n<p>Les cuves ISO \u00e9tant construites conform\u00e9ment \u00e0 la norme ISO, toutes les vannes doivent \u00eatre inspect\u00e9es et chaque r\u00e9servoir doit comporter trois fermetures. Les trois bouchons doivent toutes avoir \u00e9t\u00e9 v\u00e9rifi\u00e9es, avant de faire des citernes ISO un moyen plus s\u00fbr de transporter du vrac liquide que des f\u00fbts et des sacs flexibles.<\/p>\n","protected":false},"featured_media":10379,"comment_status":"open","ping_status":"closed","template":"","meta":{"inline_featured_image":false},"product_brand":[],"product_cat":[117,126],"product_tag":[],"class_list":{"0":"post-10196","1":"product","2":"type-product","3":"status-publish","4":"has-post-thumbnail","6":"product_cat-containers","7":"product_cat-conteneurs-neufs-et-occasions-containers","9":"first","10":"instock","11":"sale","12":"taxable","13":"shipping-taxable","14":"product-type-simple"},"_links":{"self":[{"href":"https:\/\/cms-euro.com\/index.php?rest_route=\/wp\/v2\/product\/10196","targetHints":{"allow":["GET"]}}],"collection":[{"href":"https:\/\/cms-euro.com\/index.php?rest_route=\/wp\/v2\/product"}],"about":[{"href":"https:\/\/cms-euro.com\/index.php?rest_route=\/wp\/v2\/types\/product"}],"replies":[{"embeddable":true,"href":"https:\/\/cms-euro.com\/index.php?rest_route=%2Fwp%2Fv2%2Fcomments&post=10196"}],"version-history":[{"count":0,"href":"https:\/\/cms-euro.com\/index.php?rest_route=\/wp\/v2\/product\/10196\/revisions"}],"wp:featuredmedia":[{"embeddable":true,"href":"https:\/\/cms-euro.com\/index.php?rest_route=\/wp\/v2\/media\/10379"}],"wp:attachment":[{"href":"https:\/\/cms-euro.com\/index.php?rest_route=%2Fwp%2Fv2%2Fmedia&parent=10196"}],"wp:term":[{"taxonomy":"product_brand","embeddable":true,"href":"https:\/\/cms-euro.com\/index.php?rest_route=%2Fwp%2Fv2%2Fproduct_brand&post=10196"},{"taxonomy":"product_cat","embeddable":true,"href":"https:\/\/cms-euro.com\/index.php?rest_route=%2Fwp%2Fv2%2Fproduct_cat&post=10196"},{"taxonomy":"product_tag","embeddable":true,"href":"https:\/\/cms-euro.com\/index.php?rest_route=%2Fwp%2Fv2%2Fproduct_tag&post=10196"}],"curies":[{"name":"wp","href":"https:\/\/api.w.org\/{rel}","templated":true}]}}