{"id":10203,"date":"2025-05-08T11:41:02","date_gmt":"2025-05-08T11:41:02","guid":{"rendered":"https:\/\/cms-euro.com\/?post_type=product&#038;p=10203"},"modified":"2025-06-16T21:58:11","modified_gmt":"2025-06-16T21:58:11","slug":"taos-dressing-2022-mh","status":"publish","type":"product","link":"https:\/\/cms-euro.com\/?product=taos-dressing-2022-mh","title":{"rendered":"Container flat rack Neuf 20 pieds"},"content":{"rendered":"<ul class=\"YInLPU\" data-hook=\"collapse-info-section\">\n<li class=\"KHWbzo undefined\" data-hook=\"collapse-info-item\">\n<h2 class=\"sTgpcw0 oCDTMgJ---typography-11-runningText oCDTMgJ---priority-7-primary _HOcyB x4nptw sxbtulv\" aria-hidden=\"false\" data-hook=\"info-section-title\">Caract\u00e9ristiques techniques<\/h2>\n<div class=\"aecizt QfrfFD cell\"><\/div>\n<div class=\"rah-static rah-static--height-auto\" aria-hidden=\"false\">\n<div>\n<div class=\"ulKuLk QfrfFD cell\">\n<div class=\"O0VfEq\" data-hook=\"info-section-description\">\n<p>Les\u00a0<strong>Flat Rack<\/strong>\u00a0sont utilis\u00e9s pour le transport de charges lourdes et de cargaisons \u00ab oversize \u00bb hautes et larges tel que : bateau, pi\u00e8ces d\u2019avion, engins agricoles, mobil-home, machinerie lourde, tuyauteries, grumes, mat\u00e9riaux de chantier.<\/p>\n<p>Sp\u00e9cificit\u00e9s :<\/p>\n<p>Livraison en Europe, livr\u00e9\u00a0et d\u00e9charg\u00e9 sur site<\/p>\n<p>Imperm\u00e9able \/ \u00c9tanche (intemp\u00e9ries, lumi\u00e8re)<\/p>\n<p>Solution multimodale adapt\u00e9e \u00e0 l\u2019import \/ export<\/p>\n<p><strong>Caract\u00e9ristique Techniques\u00a0:<\/strong><\/p>\n<p>Classique Flat Rack<\/p>\n<p>Passage de fourches 2050mm<\/p>\n<p>Adapt\u00e9 aux charges lourdes 50 tonnes<\/p>\n<p>Argumentation CSC<\/p>\n<p>(Convention internationale sur la S\u00e9curit\u00e9 des Conteneurs). Flat Rack\u00a0:<\/p>\n<p>Adapt\u00e9 aux gros gabarits<\/p>\n<p>Structure acier CORTEN<\/p>\n<p>Plancher acier ou bois renforc\u00e9<\/p>\n<p><strong>Mod\u00e8les :<\/strong><\/p>\n<p>Le conteneur 20 FLAT PLATFORM<\/p>\n<p>Plateforme simple avec un passage de fourches pour manipuler le conteneur.<\/p>\n<p>Le conteneur 20 pieds FLAT FIX HANDS Plateforme avec 4 poteaux ou deux parois fixes avec les coins ISO.<\/p>\n<p>Le conteneur 20 pieds FLAT RACK COLLAPSIBLE Plateforme avec 2 parois amovibles et encastrables, solution id\u00e9ale pour stocker un grand nombre de<\/p>\n<p>conteneur FLAT sur un espace restreint , et solution \u00e9conomique pour leur transport<\/p>\n<p>&nbsp;<\/p>\n<p><strong>Informations compl\u00e9mentaires :<\/strong><\/p>\n<p>Poids \u00e0 vide : 2300 Kg<\/p>\n<p>Charge max : 26000 Kg<\/p>\n<p>Poids max : 28300 Kg<\/p>\n<p>Surface : 13,8m2.<\/p>\n<p><strong>Dimensions Int\u00e9rieures :<\/strong><\/p>\n<p>Longueur : 5890 mm<\/p>\n<p>Largeur : 2440 mm<\/p>\n<p>Hauteur : 2590 mm<\/p>\n<p><strong>Dimensions Ext\u00e9rieure<\/strong><\/p>\n<p>Longueur : 6060 mm<\/p>\n<p>Largeur : 2440 mm<\/p>\n<\/div>\n<\/div>\n<\/div>\n<\/div>\n<\/li>\n<\/ul>\n","protected":false},"excerpt":{"rendered":"<p>Disponibles en 3 mod\u00e8les (PLATFORM, FIX HANDS et COLLAPSIBLE) et deux dimensions,\u00a0<strong>20<\/strong>\u00a0et\u00a0<strong>40 pieds<\/strong>\u00a0et ont des dimensions standardis\u00e9es, communes aux conteneurs\u00a0<strong>20 pieds<\/strong>\u00a0et\u00a0<strong>40 pieds<\/strong>\u00a0classiques. La charge utile statique d\u2019un\u00a0<strong>Flat Rack<\/strong>\u00a0plat de<strong>\u00a020 pieds<\/strong>\u00a0est d\u2019environ 25 tonnes.<\/p>\n","protected":false},"featured_media":12092,"comment_status":"closed","ping_status":"closed","template":"","meta":{"inline_featured_image":false},"product_brand":[],"product_cat":[128,117],"product_tag":[],"class_list":{"0":"post-10203","1":"product","2":"type-product","3":"status-publish","4":"has-post-thumbnail","6":"product_cat-container-maritime","7":"product_cat-containers","9":"first","10":"instock","11":"sale","12":"taxable","13":"shipping-taxable","14":"product-type-simple"},"_links":{"self":[{"href":"https:\/\/cms-euro.com\/index.php?rest_route=\/wp\/v2\/product\/10203","targetHints":{"allow":["GET"]}}],"collection":[{"href":"https:\/\/cms-euro.com\/index.php?rest_route=\/wp\/v2\/product"}],"about":[{"href":"https:\/\/cms-euro.com\/index.php?rest_route=\/wp\/v2\/types\/product"}],"replies":[{"embeddable":true,"href":"https:\/\/cms-euro.com\/index.php?rest_route=%2Fwp%2Fv2%2Fcomments&post=10203"}],"version-history":[{"count":1,"href":"https:\/\/cms-euro.com\/index.php?rest_route=\/wp\/v2\/product\/10203\/revisions"}],"predecessor-version":[{"id":12093,"href":"https:\/\/cms-euro.com\/index.php?rest_route=\/wp\/v2\/product\/10203\/revisions\/12093"}],"wp:featuredmedia":[{"embeddable":true,"href":"https:\/\/cms-euro.com\/index.php?rest_route=\/wp\/v2\/media\/12092"}],"wp:attachment":[{"href":"https:\/\/cms-euro.com\/index.php?rest_route=%2Fwp%2Fv2%2Fmedia&parent=10203"}],"wp:term":[{"taxonomy":"product_brand","embeddable":true,"href":"https:\/\/cms-euro.com\/index.php?rest_route=%2Fwp%2Fv2%2Fproduct_brand&post=10203"},{"taxonomy":"product_cat","embeddable":true,"href":"https:\/\/cms-euro.com\/index.php?rest_route=%2Fwp%2Fv2%2Fproduct_cat&post=10203"},{"taxonomy":"product_tag","embeddable":true,"href":"https:\/\/cms-euro.com\/index.php?rest_route=%2Fwp%2Fv2%2Fproduct_tag&post=10203"}],"curies":[{"name":"wp","href":"https:\/\/api.w.org\/{rel}","templated":true}]}}