{"id":10258,"date":"2025-05-08T11:41:25","date_gmt":"2025-05-08T11:41:25","guid":{"rendered":"https:\/\/cms-euro.com\/?post_type=product&#038;p=10258"},"modified":"2025-05-08T11:43:20","modified_gmt":"2025-05-08T11:43:20","slug":"conteneur-maison-40-modele-mowowa","status":"publish","type":"product","link":"https:\/\/cms-euro.com\/?product=conteneur-maison-40-modele-mowowa","title":{"rendered":"Conteneur Maison 40\u00a0\u00bb Mod\u00e8le Mowowa"},"content":{"rendered":"<h2 class=\"Text3027143737__root Text3027143737---typography-11-runningText Text3027143737---priority-7-primary s8gg2 _2Cjvf InfoSectionTitle3095652555__root\" aria-hidden=\"false\" data-hook=\"info-section-title\">Caract\u00e9ristiques G\u00e9n\u00e9rales<\/h2>\n<div class=\"WncCi\" data-hook=\"info-section-description\">\n<p><strong>Int\u00e9rieur<\/strong><br \/>\nChambres et salles de bains<br \/>\nChambres : 1<br \/>\nSalles de bain : 1<br \/>\n3\/4 salles de bain : 1<br \/>\n<strong>Sol\u00a0<\/strong><br \/>\nRev\u00eatement de sol : Planche de vinyle<br \/>\nChauffage<br \/>\nCaract\u00e9ristiques de chauffage : Thermopompe, \u00c9lectrique<br \/>\nRefroidissement<br \/>\nCaract\u00e9ristiques de refroidissement\u00a0: Mini Split<br \/>\n<strong>appareils \u00e9lectrom\u00e9nagers<\/strong><br \/>\n\u00c9lectrom\u00e9nagers inclus : Plaque de cuisson \u00e9lectrique, R\u00e9frig\u00e9rateur<br \/>\nCaract\u00e9ristiques de la buanderie\u00a0: branchements de buanderie<\/p>\n<p><strong>Caract\u00e9ristiques int\u00e9rieures<\/strong><br \/>\nCuisine\/Salon, Salon\/Salle \u00e0 manger<br \/>\nMeubl\u00e9 : Oui<br \/>\nSurface totale de la structure\u00a0: 320<br \/>\nSurface habitable totale int\u00e9rieure : 320 pi\u00b2<br \/>\nSurface finie hors sol : 320<br \/>\nPropri\u00e9t\u00e9<br \/>\nNiveaux\u00a0: Un<br \/>\nHistoires\u00a0: 1<br \/>\nD\u00e9tails du patio et du porche\u00a0: Patio<br \/>\nVoir la description : Montagne(s)<br \/>\nLongueur de fa\u00e7ade :<br \/>\nFa\u00e7ade avant : 341<\/p>\n<p><strong>Construction<\/strong><br \/>\nType de maison : Unifamiliale<br \/>\nStyle architectural\u00a0: Architecture moderne<br \/>\nSous-type de propri\u00e9t\u00e9\u00a0: R\u00e9sidence unifamiliale<br \/>\nInformations mat\u00e9rielles<br \/>\nMat\u00e9riaux de construction : Autres, Modulaire, Voir remarques<br \/>\nFondation : Dalle &#8211; B\u00e9ton<br \/>\nToit : Autre<br \/>\nCondition<br \/>\nNouvelle construction : Neuf<\/p>\n<p>Informations \u00e9lectriques\u00a0: Disjoncteurs<br \/>\nInformations sur les \u00e9gouts : Fosse septique<br \/>\nInformations sur l&rsquo;eau : Puits For\u00e9<\/p>\n<\/div>\n","protected":false},"excerpt":{"rendered":"<p>Conteneur Maison 40\u00a0\u00bb Mod\u00e8le Mowowa<\/p>\n<p>Cette maison conteneur d&rsquo;architecture moderne laissera certainement une impression durable avec ses lignes \u00e9pur\u00e9es, ses finitions haut de gamme et la simplicit\u00e9 d&rsquo;entretien de la maison.<br \/>\nCela pourrait \u00eatre le refuge parfait et, lorsque vous ne l&rsquo;utilisez pas, une location Airbnb. Cette conception cr\u00e9ative a \u00e9t\u00e9 construite avec un ext\u00e9rieur en acier haut de gamme, capable de r\u00e9sister aux intemp\u00e9ries tout en conservant son aspect \u00e9cologique, vous permettant d&rsquo;avoir plus de temps pour d\u00e9couvrir le Vermont.<br \/>\nEn entrant dans la maison, vous sentirez un \u00e9l\u00e9ment de paix vous envahir, car l&rsquo;int\u00e9rieur est lumineux, accueillant et tr\u00e8s bien am\u00e9nag\u00e9. Un mode de vie simpliste et haut de gamme n&rsquo;attend que vous.<br \/>\nLa vie n&rsquo;a pas besoin d&rsquo;\u00eatre compliqu\u00e9e, il vous suffit de la simplifier, et cette propri\u00e9t\u00e9 est un excellent premier pas vers cet objectif.<\/p>\n","protected":false},"featured_media":10491,"comment_status":"closed","ping_status":"closed","template":"","meta":{"inline_featured_image":false},"product_brand":[],"product_cat":[129,117,118,119,120],"product_tag":[],"class_list":{"0":"post-10258","1":"product","2":"type-product","3":"status-publish","4":"has-post-thumbnail","6":"product_cat-container-bar","7":"product_cat-containers","8":"product_cat-conteneur-amenage","9":"product_cat-conteneurs-neufs-et-occasions","10":"product_cat-conteneurs-sanitaire","12":"first","13":"instock","14":"sale","15":"taxable","16":"shipping-taxable","17":"product-type-simple"},"_links":{"self":[{"href":"https:\/\/cms-euro.com\/index.php?rest_route=\/wp\/v2\/product\/10258","targetHints":{"allow":["GET"]}}],"collection":[{"href":"https:\/\/cms-euro.com\/index.php?rest_route=\/wp\/v2\/product"}],"about":[{"href":"https:\/\/cms-euro.com\/index.php?rest_route=\/wp\/v2\/types\/product"}],"replies":[{"embeddable":true,"href":"https:\/\/cms-euro.com\/index.php?rest_route=%2Fwp%2Fv2%2Fcomments&post=10258"}],"version-history":[{"count":0,"href":"https:\/\/cms-euro.com\/index.php?rest_route=\/wp\/v2\/product\/10258\/revisions"}],"wp:featuredmedia":[{"embeddable":true,"href":"https:\/\/cms-euro.com\/index.php?rest_route=\/wp\/v2\/media\/10491"}],"wp:attachment":[{"href":"https:\/\/cms-euro.com\/index.php?rest_route=%2Fwp%2Fv2%2Fmedia&parent=10258"}],"wp:term":[{"taxonomy":"product_brand","embeddable":true,"href":"https:\/\/cms-euro.com\/index.php?rest_route=%2Fwp%2Fv2%2Fproduct_brand&post=10258"},{"taxonomy":"product_cat","embeddable":true,"href":"https:\/\/cms-euro.com\/index.php?rest_route=%2Fwp%2Fv2%2Fproduct_cat&post=10258"},{"taxonomy":"product_tag","embeddable":true,"href":"https:\/\/cms-euro.com\/index.php?rest_route=%2Fwp%2Fv2%2Fproduct_tag&post=10258"}],"curies":[{"name":"wp","href":"https:\/\/api.w.org\/{rel}","templated":true}]}}