{"id":10325,"date":"2025-05-08T11:42:21","date_gmt":"2025-05-08T11:42:21","guid":{"rendered":"https:\/\/cms-euro.com\/?post_type=product&#038;p=10325"},"modified":"2025-05-08T11:43:48","modified_gmt":"2025-05-08T11:43:48","slug":"container-maritme-15-pieds","status":"publish","type":"product","link":"https:\/\/cms-euro.com\/?product=container-maritme-15-pieds","title":{"rendered":"Container maritme 15 Pieds"},"content":{"rendered":"<ul class=\"YInLPU\" data-hook=\"collapse-info-section\">\n<li class=\"KHWbzo undefined\" data-hook=\"collapse-info-item\">\n<h2 class=\"sTgpcw0 oCDTMgJ---typography-11-runningText oCDTMgJ---priority-7-primary _HOcyB x4nptw sxbtulv\" aria-hidden=\"false\" data-hook=\"info-section-title\">Caract\u00e9ristiques techniques<\/h2>\n<div class=\"aecizt QfrfFD cell\"><\/div>\n<div class=\"rah-static rah-static--height-auto\" aria-hidden=\"false\">\n<div>\n<div class=\"ulKuLk QfrfFD cell\">\n<div class=\"O0VfEq\" data-hook=\"info-section-description\">\n<p>CADRE, SOL, PAROIS ET PORTE<\/p>\n<p>Structure acier corten epaisseur de 5 \u00e0 8mm<\/p>\n<p>Parois et plafond en acier profil\u00e9 \/ t\u00f4le ondul\u00e9e d\u2019\u00e9paisseur 2 \u00e0 3mm 4 coins iso Panneaux Corten A Cadre de porte Corten A Joint de porte E.P.D.M. Joint de retenue SUS304 Plaques de renfort Corten A Traverses et soubassement Corten A Ouverture des portes \u00e0 270 \u00b0 Sol plancher bois anti humidit\u00e9 \u00e9paisseur de 21 mm Hauteur du sol 0.15 m<\/p>\n<p>MANUTENTION<\/p>\n<p>\u00c9cart passage de fourche 0.95 m Hauteur des passages de fourches 0.11 m Largeur des passages de fourches 0.36 m Transport et installation rapide et facile<\/p>\n<p>DIMENSIONS EXT\u00c9RIEURES<\/p>\n<p>Longueur 4.550 m<\/p>\n<p>Largeur 2.200 m<\/p>\n<p>Hauteur 2.260 m<\/p>\n<p>DIMENSIONS INTERIEURES<\/p>\n<p>Longueur 4.387 m<\/p>\n<p>Largeur 2.106 m<\/p>\n<p>Hauteur 2.050 m<\/p>\n<p>POIDS<\/p>\n<p>Poids \u00e0 vide 915 kg<\/p>\n<p>Charge utile 5 000 kg<\/p>\n<p>Charge max 5 915 kg<\/p>\n<p>CAPACIT\u00c9 Surface 9 m\u00b2<\/p>\n<p>Volume 18.9 m\u00b3<\/p>\n<\/div>\n<\/div>\n<\/div>\n<\/div>\n<\/li>\n<\/ul>\n","protected":false},"excerpt":{"rendered":"<p>Le\u00a0container de stockage 15 pieds\u00a0est un container dont les dimensions permettent de cr\u00e9er une unit\u00e9 de stockage s\u00e9curis\u00e9 dans un petit espace. La capacit\u00e9 du container 15 pieds est de 19 m3 pour un poids est de 915 Kg.<\/p>\n<ul>\n<li>Surface: 10 m\u00b2<\/li>\n<li>Longueur: 4.55 m<\/li>\n<li>Capacit\u00e9: 19 m3<\/li>\n<li>Poids: 915 kg<\/li>\n<\/ul>\n","protected":false},"featured_media":10567,"comment_status":"closed","ping_status":"closed","template":"","meta":{"inline_featured_image":false},"product_brand":[],"product_cat":[128,119],"product_tag":[],"class_list":{"0":"post-10325","1":"product","2":"type-product","3":"status-publish","4":"has-post-thumbnail","6":"product_cat-container-maritime","7":"product_cat-conteneurs-neufs-et-occasions","9":"first","10":"instock","11":"sale","12":"taxable","13":"shipping-taxable","14":"product-type-simple"},"_links":{"self":[{"href":"https:\/\/cms-euro.com\/index.php?rest_route=\/wp\/v2\/product\/10325","targetHints":{"allow":["GET"]}}],"collection":[{"href":"https:\/\/cms-euro.com\/index.php?rest_route=\/wp\/v2\/product"}],"about":[{"href":"https:\/\/cms-euro.com\/index.php?rest_route=\/wp\/v2\/types\/product"}],"replies":[{"embeddable":true,"href":"https:\/\/cms-euro.com\/index.php?rest_route=%2Fwp%2Fv2%2Fcomments&post=10325"}],"version-history":[{"count":0,"href":"https:\/\/cms-euro.com\/index.php?rest_route=\/wp\/v2\/product\/10325\/revisions"}],"wp:featuredmedia":[{"embeddable":true,"href":"https:\/\/cms-euro.com\/index.php?rest_route=\/wp\/v2\/media\/10567"}],"wp:attachment":[{"href":"https:\/\/cms-euro.com\/index.php?rest_route=%2Fwp%2Fv2%2Fmedia&parent=10325"}],"wp:term":[{"taxonomy":"product_brand","embeddable":true,"href":"https:\/\/cms-euro.com\/index.php?rest_route=%2Fwp%2Fv2%2Fproduct_brand&post=10325"},{"taxonomy":"product_cat","embeddable":true,"href":"https:\/\/cms-euro.com\/index.php?rest_route=%2Fwp%2Fv2%2Fproduct_cat&post=10325"},{"taxonomy":"product_tag","embeddable":true,"href":"https:\/\/cms-euro.com\/index.php?rest_route=%2Fwp%2Fv2%2Fproduct_tag&post=10325"}],"curies":[{"name":"wp","href":"https:\/\/api.w.org\/{rel}","templated":true}]}}