{"id":10394,"date":"2025-05-08T11:42:43","date_gmt":"2025-05-08T11:42:43","guid":{"rendered":"https:\/\/cms-euro.com\/?post_type=product&#038;p=10394"},"modified":"2025-05-08T11:44:03","modified_gmt":"2025-05-08T11:44:03","slug":"nouveau-conteneur-20-pieds-neuf","status":"publish","type":"product","link":"https:\/\/cms-euro.com\/?product=nouveau-conteneur-20-pieds-neuf","title":{"rendered":"Nouveau conteneur  20 pieds (Neuf)"},"content":{"rendered":"<p>Dimensions Ext\u00e9rieure :<\/p>\n<p>Longueur  6,058m<br \/>\nLargeur  2,438m<br \/>\nHauteur  2,59m<br \/>\nPoids  2 250 kg<\/p>\n<p>Charge max : 28 230 kg<\/p>\n<p>D\u00c9TAILS D\u2019ARTICLE<br \/>\nDescription<br \/>\nConteneur 6m occasion ou neuf<br \/>\nContainers 20 pieds maritimes dernier voyage et conteneur d\u2019occasion 20\u2019 dry avec plaque CSC valide. Tous nos conteneurs maritimes occasions sont \u00e9quip\u00e9s de coins ISO et passages de fourches pour la manutention. Les conteneurs maritimes occasion 20 pieds DRY sont enti\u00e8rement r\u00e9vis\u00e9s, \u00e9tanches \u00e0 l\u2019eau et \u00e0 l\u2019air.<\/p>\n<p>Le conteneur 6m est aussi disponible en 1er voyage (conteneur neuf). Il sont tr\u00e8s utilis\u00e9s pour l\u2019activit\u00e9 de stockage mais aussi pour l\u2019activit\u00e9 de self stockage, l\u2019am\u00e9nagement de container et le transport maritime. Le container 20 pieds 1er voyage est tr\u00e8s robuste avec sa structure en acier corten et son cache cadenas. Il vous garantit la s\u00e9curit\u00e9 des produits stock\u00e9s. C\u00f4t\u00e9s et avant en t\u00f4le d\u2019acier avec a\u00e9ration lat\u00e9rale, porte \u00e0 doubles battants avec barres de fermeture. Ils sont \u00e9tanche \u00e0 l\u2019eau et \u00e0 l\u2019air, planch\u00e9 en bois pos\u00e9 sur traverses en acier.<\/p>\n<p>Sp\u00e9cificit\u00e9s<\/p>\n<p> Neuf \/ Occasion<br \/>\nDisponible rapidement<br \/>\nLivraison en France et en Europe<br \/>\nLivr\u00e9 et d\u00e9charg\u00e9 sur site<br \/>\nImperm\u00e9able \/ Etanche (intemp\u00e9ries, lumi\u00e8re)<br \/>\nSolution multimodale adapt\u00e9e \u00e0 l\u2019import \/ export<br \/>\nCaract\u00e9ristique Techniques<\/p>\n<p>Protection : s\u00e9curis\u00e9 anti-effraction par cloche standard<br \/>\nStructure : acier CORTEN<br \/>\nPlancher : bois marin \/ bambou lamell\u00e9 de 28 mm avec rev\u00eatement antid\u00e9rapant (DRY)<br \/>\nOuverture des portes : double battants \u00e0 270\u00b0 sur surface ext\u00e9rieure<br \/>\nPassage de fourches : 950mm<br \/>\n Agr\u00e9mentation : CSC (Convention internationale sur la S\u00e9curit\u00e9 des Conteneurs)<br \/>\nConformit\u00e9 : ISO 1161 et 9001<br \/>\nDimensions<\/p>\n<p>Dimensions ext\u00e9rieures<br \/>\nLongueur  6058 mm<br \/>\nLargeur  2438 mm<br \/>\nHauteur  2591 mm<\/p>\n<p>Dimensions int\u00e9rieures<br \/>\nLongueur  5895 mm<br \/>\nLargeur  2350 mm<br \/>\nHauteur  2392 mm<\/p>\n<p>Dimensions des portes<br \/>\nLargeur  2340 mm<br \/>\nHauteur  2280 mm<\/p>\n<p>Structure : Corten enti\u00e8rement soud\u00e9e<\/p>\n<p>Plancher : Contreplaqu\u00e9 MARINE 28 mm<\/p>\n<p>Passage fourche : 2 050mm<\/p>\n<p>Ouverture des portes : 270\u00b0<\/p>\n<p>Poids  2 250 kg<\/p>\n<p>Charge max  28 230 kg<\/p>\n<p>Poids max  30 480 kg<\/p>\n","protected":false},"excerpt":{"rendered":"<p>Dimensions Ext\u00e9rieure :<\/p>\n<p>Longueur : 6,058m<br \/>\nLargeur : 2,438m<br \/>\nHauteur : 2,59m<br \/>\nPoids : 2 250 kg<\/p>\n<p>Charge max : 28 230 kg<\/p>\n<ul class=\"aXkhmS\" dir=\"ltr\" data-hook=\"columns-info-section\">\n<li class=\"CsrIwl TWHuR7 JSlVyv\" data-hook=\"columns-info-item\">\n<h2 class=\"sFFmR2l ovIAf_6---typography-11-runningText ovIAf_6---priority-7-primary _HOcyB JUtQCP sxbtulv\" aria-hidden=\"false\" data-hook=\"info-section-title\">D\u00c9TAILS D&rsquo;ARTICLE<\/h2>\n<div class=\"zp8uy2\" data-hook=\"info-section-description\">\n<ul>\n<li>Description\n<p>Conteneur 6m occasion ou neuf<br \/>\nContainers 20 pieds maritimes dernier voyage et conteneur d\u2019occasion 20\u2019 dry avec plaque CSC valide. Tous nos conteneurs maritimes occasions sont \u00e9quip\u00e9s de coins ISO et passages de fourches pour la manutention. Les conteneurs maritimes occasion 20 pieds DRY sont enti\u00e8rement r\u00e9vis\u00e9s, \u00e9tanches \u00e0 l\u2019eau et \u00e0 l\u2019air.<\/p>\n<p>Le conteneur 6m est aussi disponible en 1er voyage (conteneur neuf). Il sont tr\u00e8s utilis\u00e9s pour l\u2019activit\u00e9 de stockage mais aussi pour l\u2019activit\u00e9 de self stockage, l\u2019am\u00e9nagement de container et le transport maritime. Le container 20 pieds 1er voyage est tr\u00e8s robuste avec sa structure en acier corten et son cache cadenas. Il vous garantit la s\u00e9curit\u00e9 des produits stock\u00e9s. C\u00f4t\u00e9s et avant en t\u00f4le d\u2019acier avec a\u00e9ration lat\u00e9rale, porte \u00e0 doubles battants avec barres de fermeture. Ils sont \u00e9tanche \u00e0 l\u2019eau et \u00e0 l\u2019air, planch\u00e9 en bois pos\u00e9 sur traverses en acier.<\/p>\n<p><strong>Sp\u00e9cificit\u00e9s<\/strong><\/p>\n<ul>\n<li>\u00a0Neuf \/ Occasion<\/li>\n<li>Disponible rapidement<\/li>\n<li>Livraison en France et en Europe<\/li>\n<li>Livr\u00e9 et d\u00e9charg\u00e9 sur site<\/li>\n<li>Imperm\u00e9able \/ Etanche (intemp\u00e9ries, lumi\u00e8re)<\/li>\n<li>Solution multimodale adapt\u00e9e \u00e0 l\u2019import \/ export<\/li>\n<\/ul>\n<p>Caract\u00e9ristique Techniques<\/p>\n<ul>\n<li>Protection : s\u00e9curis\u00e9 anti-effraction par cloche standard<\/li>\n<li>Structure : acier CORTEN<\/li>\n<li>Plancher : bois marin \/ bambou lamell\u00e9 de 28 mm avec rev\u00eatement antid\u00e9rapant (DRY)<\/li>\n<li>Ouverture des portes : double battants \u00e0 270\u00b0 sur surface ext\u00e9rieure<\/li>\n<li>Passage de fourches : 950mm<\/li>\n<li>\u00a0Agr\u00e9mentation : CSC (Convention internationale sur la S\u00e9curit\u00e9 des Conteneurs)<\/li>\n<li>Conformit\u00e9 : ISO 1161 et 9001<\/li>\n<\/ul>\n<p>Dimensions<\/p>\n<p>&nbsp;<\/p>\n<p>Dimensions ext\u00e9rieures<br \/>\nLongueur : 6058 mm<br \/>\nLargeur : 2438 mm<br \/>\nHauteur : 2591 mm<\/p>\n<p>Dimensions int\u00e9rieures<br \/>\nLongueur : 5895 mm<br \/>\nLargeur : 2350 mm<br \/>\nHauteur : 2392 mm<\/p>\n<p>Dimensions des portes<br \/>\nLargeur : 2340 mm<br \/>\nHauteur : 2280 mm<\/p>\n<p>&nbsp;<\/p>\n<p>Structure : Corten enti\u00e8rement soud\u00e9e<\/p>\n<p>Plancher : Contreplaqu\u00e9 MARINE 28 mm<\/p>\n<p>Passage fourche : 2 050mm<\/p>\n<p>Ouverture des portes : 270\u00b0<\/p>\n<p>Poids : 2 250 kg<\/p>\n<p>Charge max : 28 230 kg<\/p>\n<p>Poids max : 30 480 kg<\/li>\n<\/ul>\n<\/div>\n<\/li>\n<\/ul>\n","protected":false},"featured_media":10611,"comment_status":"closed","ping_status":"closed","template":"","meta":{"inline_featured_image":false},"product_brand":[],"product_cat":[117,119],"product_tag":[],"class_list":{"0":"post-10394","1":"product","2":"type-product","3":"status-publish","4":"has-post-thumbnail","6":"product_cat-containers","7":"product_cat-conteneurs-neufs-et-occasions","9":"first","10":"instock","11":"sale","12":"taxable","13":"shipping-taxable","14":"product-type-simple"},"_links":{"self":[{"href":"https:\/\/cms-euro.com\/index.php?rest_route=\/wp\/v2\/product\/10394","targetHints":{"allow":["GET"]}}],"collection":[{"href":"https:\/\/cms-euro.com\/index.php?rest_route=\/wp\/v2\/product"}],"about":[{"href":"https:\/\/cms-euro.com\/index.php?rest_route=\/wp\/v2\/types\/product"}],"replies":[{"embeddable":true,"href":"https:\/\/cms-euro.com\/index.php?rest_route=%2Fwp%2Fv2%2Fcomments&post=10394"}],"version-history":[{"count":0,"href":"https:\/\/cms-euro.com\/index.php?rest_route=\/wp\/v2\/product\/10394\/revisions"}],"wp:featuredmedia":[{"embeddable":true,"href":"https:\/\/cms-euro.com\/index.php?rest_route=\/wp\/v2\/media\/10611"}],"wp:attachment":[{"href":"https:\/\/cms-euro.com\/index.php?rest_route=%2Fwp%2Fv2%2Fmedia&parent=10394"}],"wp:term":[{"taxonomy":"product_brand","embeddable":true,"href":"https:\/\/cms-euro.com\/index.php?rest_route=%2Fwp%2Fv2%2Fproduct_brand&post=10394"},{"taxonomy":"product_cat","embeddable":true,"href":"https:\/\/cms-euro.com\/index.php?rest_route=%2Fwp%2Fv2%2Fproduct_cat&post=10394"},{"taxonomy":"product_tag","embeddable":true,"href":"https:\/\/cms-euro.com\/index.php?rest_route=%2Fwp%2Fv2%2Fproduct_tag&post=10394"}],"curies":[{"name":"wp","href":"https:\/\/api.w.org\/{rel}","templated":true}]}}