{"id":10400,"date":"2025-05-08T11:42:43","date_gmt":"2025-05-08T11:42:43","guid":{"rendered":"https:\/\/cms-euro.com\/?post_type=product&#038;p=10400"},"modified":"2025-05-08T11:44:34","modified_gmt":"2025-05-08T11:44:34","slug":"cheval-liberte-duomax-diagonal","status":"publish","type":"product","link":"https:\/\/cms-euro.com\/?product=cheval-liberte-duomax-diagonal","title":{"rendered":"CHEVAL LIBERTE \u2013 DUOMAX DIAGONAL"},"content":{"rendered":"","protected":false},"excerpt":{"rendered":"<ul class=\"list-unstyled\">\n<li class=\"border_bottom\"><span class=\"label\">Marque:\u00a0<\/span>Cheval Libert\u00e9<\/li>\n<li class=\"border_bottom\"><span class=\"label\">Mod\u00e8le:\u00a0<\/span>Duomax \u2013 Diagonal<\/li>\n<li class=\"border_bottom\"><span class=\"label\">Ann\u00e9e:\u00a0<\/span>2021<\/li>\n<li class=\"border_bottom\"><span class=\"label\">Premi\u00e8re main:<\/span>\u00a0Oui<\/li>\n<li class=\"border_bottom\"><span class=\"label\">Etat:\u00a0<\/span>Neuf<\/li>\n<li class=\"border_bottom\"><span class=\"label\">Capacit\u00e9:\u00a0<\/span>2 Chevaux<\/li>\n<li class=\"border_bottom\"><span class=\"label\">Poids \u00e0 vide:\u00a0<\/span>970<\/li>\n<li class=\"border_bottom\"><span class=\"label\">Pont<\/span>\u00a0Avant, Arri\u00e8re.<\/li>\n<li class=\"border_bottom\"><span class=\"label\">Chevaux voyagent:\u00a0<\/span>De biais<\/li>\n<li class=\"border_bottom\"><span class=\"label\">Permis sp\u00e9cifique:<\/span>\u00a0Oui<\/li>\n<\/ul>\n<p>Van chargement diagonal pour 2 chevaux ou 3 poneys<\/p>\n<p><u>\u00c9quipements du duomax :<\/u><br \/>\n\u2013 Plancher et parois en aluminium garantie 5 ans,<br \/>\n\u2013 Pont avant avec volet sup\u00e9rieur \u00e9quip\u00e9 d\u2019une fen\u00eatre,<br \/>\n\u2013 Pont porte arri\u00e8re,<br \/>\n\u2013 Compartiment sellerie grande porte d\u2019acc\u00e8s,<br \/>\n\u2013 S\u00e9paration demi bat flanc aluminium avec s\u00e9paration de t\u00eate, fermeture par sangle cuir,<br \/>\n\u2013 Barre de recul,<br \/>\n\u2013 Suspensions Pullman 2,<br \/>\n\u2013 Barre d\u2019attache lat\u00e9rale en inox \u00e0 droite,<br \/>\n\u2013 Capitons confort,<br \/>\n\u2013 Roue jockey automatique,<br \/>\n\u2013 Porte de visite verrouillable,<br \/>\n\u2013 C\u00f4t\u00e9 droit\u00a0: volet lat\u00e9ral avec fen\u00eatre,<br \/>\n\u2013 C\u00f4te gauche\u00a0: fen\u00eatre coulissante de ventilation<br \/>\n\u2013 3\u00e8me feu stop,<br \/>\n\u2013 B\u00e2che respirante auto enrouleuse,<br \/>\n\u2013 Miroir de courtoisie,<br \/>\n\u2013 Roue de secours,<br \/>\n\u2013 \u00c9clairage int\u00e9rieur,<\/p>\n<p><u>Caract\u00e9ristiques du duomax :<\/u><br \/>\n\u2013\u00a0Poids \u00e0 vide\u00a0: 970\u00a0kgs<br \/>\n\u2013\u00a0PTAC\u00a0:\u00a0 1400 kgs 2600 kg<br \/>\n\u2013 Dimensions totales\u00a0: Haut\u00a0: 2.68m \u2013 Larg\u00a0: 2.29m \u2013 Long\u00a0: 5.03m<br \/>\n\u2013\u00a0Dimensions utiles\u00a0: Haut\u00a0: 2.30m \u2013 Larg\u00a0: 1.81m \u2013 Long\u00a0: 3.78m<\/p>\n<p><u>Options disponibles\u00a0<\/u>: cam\u00e9ra de surveillance, antivol de t\u00eate d\u2019attelage,barre d\u2019attache suppl\u00e9mentaire, jantes aluminiums\u2026<\/p>\n","protected":false},"featured_media":10682,"comment_status":"closed","ping_status":"closed","template":"","meta":{"inline_featured_image":false},"product_brand":[],"product_cat":[105,106],"product_tag":[],"class_list":{"0":"post-10400","1":"product","2":"type-product","3":"status-publish","4":"has-post-thumbnail","6":"product_cat-remorques","7":"product_cat-van-chevaux","9":"first","10":"instock","11":"sale","12":"taxable","13":"shipping-taxable","14":"product-type-simple"},"_links":{"self":[{"href":"https:\/\/cms-euro.com\/index.php?rest_route=\/wp\/v2\/product\/10400","targetHints":{"allow":["GET"]}}],"collection":[{"href":"https:\/\/cms-euro.com\/index.php?rest_route=\/wp\/v2\/product"}],"about":[{"href":"https:\/\/cms-euro.com\/index.php?rest_route=\/wp\/v2\/types\/product"}],"replies":[{"embeddable":true,"href":"https:\/\/cms-euro.com\/index.php?rest_route=%2Fwp%2Fv2%2Fcomments&post=10400"}],"version-history":[{"count":0,"href":"https:\/\/cms-euro.com\/index.php?rest_route=\/wp\/v2\/product\/10400\/revisions"}],"wp:featuredmedia":[{"embeddable":true,"href":"https:\/\/cms-euro.com\/index.php?rest_route=\/wp\/v2\/media\/10682"}],"wp:attachment":[{"href":"https:\/\/cms-euro.com\/index.php?rest_route=%2Fwp%2Fv2%2Fmedia&parent=10400"}],"wp:term":[{"taxonomy":"product_brand","embeddable":true,"href":"https:\/\/cms-euro.com\/index.php?rest_route=%2Fwp%2Fv2%2Fproduct_brand&post=10400"},{"taxonomy":"product_cat","embeddable":true,"href":"https:\/\/cms-euro.com\/index.php?rest_route=%2Fwp%2Fv2%2Fproduct_cat&post=10400"},{"taxonomy":"product_tag","embeddable":true,"href":"https:\/\/cms-euro.com\/index.php?rest_route=%2Fwp%2Fv2%2Fproduct_tag&post=10400"}],"curies":[{"name":"wp","href":"https:\/\/api.w.org\/{rel}","templated":true}]}}