{"id":10519,"date":"2025-05-08T11:43:29","date_gmt":"2025-05-08T11:43:29","guid":{"rendered":"https:\/\/cms-euro.com\/?post_type=product&#038;p=10519"},"modified":"2025-05-08T11:45:22","modified_gmt":"2025-05-08T11:45:22","slug":"beste-mobil-home-t3-meuble","status":"publish","type":"product","link":"https:\/\/cms-euro.com\/?product=beste-mobil-home-t3-meuble","title":{"rendered":"Beste Mobil home T3 meubl\u00e9"},"content":{"rendered":"<p>\u00c9quipement de d\u00e9veloppement disponible sur le mobile home T3 meubl\u00e9<\/p>\n<p>Armoire pour v\u00eatements dans chaque chambre.<br \/>\nTable de nuit dans chaque chambre.<br \/>\nLit avec matelas et coffre \u00e0 linge dans chaque chambre.<br \/>\nPratique dans le salon.<br \/>\nTable de cuisine avec quatre chaises (uniquement pour les maisons de 12 x 3,5 et 12 x 4 m).<br \/>\nCanap\u00e9 d&rsquo;angle convertible avec coffre \u00e0 linge.<br \/>\nTable basse de salon.<br \/>\n\u00c9l\u00e9ments de base du meuble de cuisine avec le plan de travail.<br \/>\nArmoires suspendues de meubles de cuisine avec \u00e9clairage LED.<br \/>\n\u00c9vier de cuisine avec robinet.<br \/>\nR\u00e9frig\u00e9rateur sous plan avec compartiment cong\u00e9lateur.<br \/>\nPlaque de cuisson \u00e0 induction.<br \/>\nVitre sur le mur entre les meubles de cuisine.<br \/>\nHotte de cuisine.<br \/>\nS\u00e8che-serviettes \u00e9lectrique.<br \/>\nCuvette de toilettes.<br \/>\nCabine de douche au format 90 x 90 avec baignoire.<br \/>\nLavabo avec radiateur.<br \/>\nEnsemble de lavabos.<br \/>\nVentilateur dans la salle de bain.<br \/>\nMiroir avec \u00e9clairage LED.<br \/>\nMeuble de salle de bains avec espace pour un r\u00e9servoir de stockage et une machine \u00e0 laver.<br \/>\nR\u00e9servoir \u00e9lectrique encastr\u00e9 de 50 l.<br \/>\nRadiateurs \u00e9lectriques remplis d&rsquo;huile (1 dans chaque chambre, 1 dans la salle de bain et 2 dans le salon).<\/p>\n","protected":false},"excerpt":{"rendered":"<p>Mobil-home T3 meubl\u00e9<\/p>\n<p>12x4m \/ 48m\u00b2 \/ 48m\u00b2.<br \/>\nStructure en acier et bois.<br \/>\nJeu de roues complet.<br \/>\nTimon pour le transport.<br \/>\nIsolation \u00e9tanche \u00e0 l&rsquo;humidit\u00e9, \u00e0 la vapeur et au vent.<br \/>\nPlacez 6 pouces de laine min\u00e9rale sous le plancher et dans le grenier.<br \/>\nPlacez 10 cm de laine min\u00e9rale dans les murs.<br \/>\nFen\u00eatres \u00e0 double vitrage dans 6 chambres.<br \/>\nPortes-fen\u00eatres avec montant mobile.<br \/>\nVentilateurs pour faire circuler l&rsquo;air.<br \/>\nSeuils int\u00e9rieurs en PVC, seuils ext\u00e9rieurs en t\u00f4le.<br \/>\nEncadrements de porte r\u00e9glables.<br \/>\nPortes int\u00e9rieures en placage de bois.<br \/>\nPortes ext\u00e9rieures en acier avec seuil thermique, remplissage en laine min\u00e9rale.<br \/>\nInstallation compl\u00e8te des syst\u00e8mes d&rsquo;eau et d&rsquo;\u00e9vacuation, des appareils \u00e9lectriques, de ventilation et RTV.<br \/>\nContacts, prises de courant, interrupteurs.<br \/>\nToiture m\u00e9tallique en ardoise, goutti\u00e8res en PVC.<br \/>\nSol recouvert d&rsquo;un rev\u00eatement PVC r\u00e9sistant.<br \/>\nVentilation m\u00e9canique dans la salle de bain et la cuisine.<br \/>\nAm\u00e9nagement int\u00e9rieur avec dalles et rev\u00eatements en PVC.<br \/>\nRev\u00eatements ext\u00e9rieurs.<br \/>\n\u00c9clairage int\u00e9rieur \u00e0 LED.<br \/>\n\u00c9clairage ext\u00e9rieur \u00e0 LED (6 \u00e0 10 points lumineux).<br \/>\nPrises RTV avec c\u00e2ble d&rsquo;antenne \u00e0 l&rsquo;ext\u00e9rieur de la maison.<br \/>\nLa partie inf\u00e9rieure de la maison est prot\u00e9g\u00e9e par de l&rsquo;acier galvanis\u00e9.<\/p>\n","protected":false},"featured_media":10789,"comment_status":"closed","ping_status":"closed","template":"","meta":{"inline_featured_image":false},"product_brand":[],"product_cat":[122],"product_tag":[],"class_list":{"0":"post-10519","1":"product","2":"type-product","3":"status-publish","4":"has-post-thumbnail","6":"product_cat-mobil-homes","8":"first","9":"instock","10":"sale","11":"product-type-simple"},"_links":{"self":[{"href":"https:\/\/cms-euro.com\/index.php?rest_route=\/wp\/v2\/product\/10519","targetHints":{"allow":["GET"]}}],"collection":[{"href":"https:\/\/cms-euro.com\/index.php?rest_route=\/wp\/v2\/product"}],"about":[{"href":"https:\/\/cms-euro.com\/index.php?rest_route=\/wp\/v2\/types\/product"}],"replies":[{"embeddable":true,"href":"https:\/\/cms-euro.com\/index.php?rest_route=%2Fwp%2Fv2%2Fcomments&post=10519"}],"version-history":[{"count":0,"href":"https:\/\/cms-euro.com\/index.php?rest_route=\/wp\/v2\/product\/10519\/revisions"}],"wp:featuredmedia":[{"embeddable":true,"href":"https:\/\/cms-euro.com\/index.php?rest_route=\/wp\/v2\/media\/10789"}],"wp:attachment":[{"href":"https:\/\/cms-euro.com\/index.php?rest_route=%2Fwp%2Fv2%2Fmedia&parent=10519"}],"wp:term":[{"taxonomy":"product_brand","embeddable":true,"href":"https:\/\/cms-euro.com\/index.php?rest_route=%2Fwp%2Fv2%2Fproduct_brand&post=10519"},{"taxonomy":"product_cat","embeddable":true,"href":"https:\/\/cms-euro.com\/index.php?rest_route=%2Fwp%2Fv2%2Fproduct_cat&post=10519"},{"taxonomy":"product_tag","embeddable":true,"href":"https:\/\/cms-euro.com\/index.php?rest_route=%2Fwp%2Fv2%2Fproduct_tag&post=10519"}],"curies":[{"name":"wp","href":"https:\/\/api.w.org\/{rel}","templated":true}]}}