{"id":10671,"date":"2025-05-08T11:44:18","date_gmt":"2025-05-08T11:44:18","guid":{"rendered":"https:\/\/cms-euro.com\/?post_type=product&#038;p=10671"},"modified":"2025-05-08T11:48:52","modified_gmt":"2025-05-08T11:48:52","slug":"maison-mobile-sur-roues","status":"publish","type":"product","link":"https:\/\/cms-euro.com\/?product=maison-mobile-sur-roues","title":{"rendered":"Maison mobile sur roues"},"content":{"rendered":"<div class=\"et_pb_module et_pb_text et_pb_text_3_tb_body et_pb_text_align_left et_pb_bg_layout_light\">\n<div class=\"et_pb_text_inner\">\n<p><strong>\u00a0Maison mobile sur roues.<\/strong>\u00a0Compacte, polyvalente et con\u00e7ue pour la mobilit\u00e9. Facile \u00e0 transporter et \u00e0 installer, elle offre confort et libert\u00e9 pour vivre en d\u00e9placement \u2013 \u200b\u200bla solution parfaite pour une maison de vacances, un camping ou des endroits o\u00f9 vous ne pouvez pas obtenir de permis de construire.<br \/>\nLes dimensions de base sont de 10,6 x 4,2 m, extensibles \u00e0 12,2 x 4,2 m. Les caract\u00e9ristiques comprennent une fen\u00eatre de balcon d&rsquo;angle, six variantes d&rsquo;agencement, des ext\u00e9rieurs personnalisables et la possibilit\u00e9 de combiner des modules pour plus d&rsquo;espace. Des possibilit\u00e9s infinies.<\/p>\n<p>Nos maisons sont disponibles en trois niveaux de finition :<br \/>\n<strong>Basic<\/strong>\u00a0\u2013 une variante de base d&rsquo;une maison finie, avec un ensemble d&rsquo;installations, mais sans meubles.<br \/>\n<strong>Comfort<\/strong>\u00a0\u2013 une variante finie avec une salle de bain et une cuisine, des meubles de cuisine, des meubles de salle de bain, des ustensiles sanitaires et des appareils \u00e9lectrom\u00e9nagers, mais sans meubles dans les chambres.<br \/>\n<strong>Premium<\/strong>\u00a0\u2013 enti\u00e8rement finie et \u00e9quip\u00e9e de meubles et d&rsquo;appareils \u00e9lectrom\u00e9nagers dans toute la maison dans toutes les pi\u00e8ces.<\/p>\n<p>De plus, vous avez la possibilit\u00e9 d&rsquo;une personnalisation pouss\u00e9e des \u00e9l\u00e9ments d&rsquo;ameublement suppl\u00e9mentaires de la maison.<\/p>\n<p>Des informations d\u00e9taill\u00e9es sur les normes disponibles sont disponibles dans la brochure du produit et dans la section FAQ.<br \/>\nChaque mod\u00e8le de maison mobile poss\u00e8de une structure en acier et en bois, ce qui garantit une durabilit\u00e9 et une r\u00e9sistance \u00e9lev\u00e9es. Le poids des maisons mobiles, en fonction de la taille du cadre, est d&rsquo;environ 8 tonnes. Les maisons mobiles ont leurs propres essieux et roues qui permettent de les transporter sur le terrain de l&rsquo;investisseur, ce qui vous permet d&rsquo;installer la maison \u00e0 un endroit d\u00e9sign\u00e9 de mani\u00e8re pratique.<\/p>\n<\/div>\n<\/div>\n<div class=\"et_pb_with_border et_pb_module et_pb_text et_pb_text_4_tb_body et_pb_text_align_left et_pb_bg_layout_light\">\n<div class=\"et_pb_text_inner\"><i class=\"fas fa-truck \" aria-hidden=\"true\"><\/i>D\u00e9lai de livraison : 3 &#8211; 4 mois<\/div>\n<\/div>\n<div class=\"et_pb_with_border et_pb_module et_pb_text et_pb_text_5_tb_body et_pb_text_align_left et_pb_bg_layout_light\">\n<div class=\"et_pb_text_inner\"><i class=\"fas fa-tools\" aria-hidden=\"true\"><\/i>Montage : 1 jour<\/div>\n<\/div>\n<div class=\"et_pb_with_border et_pb_module et_pb_text et_pb_text_6_tb_body et_pb_text_align_left et_pb_bg_layout_light\">\n<div class=\"et_pb_text_inner\"><i class=\"fas fa-snowflake\" aria-hidden=\"true\"><\/i>Toute l&rsquo;ann\u00e9e<\/div>\n<\/div>\n<div class=\"et_pb_with_border et_pb_module et_pb_text et_pb_text_7_tb_body et_pb_text_align_left et_pb_bg_layout_light\">\n<div class=\"et_pb_text_inner\"><i class=\"fas fa-key\" aria-hidden=\"true\"><\/i>Trois normes de finition disponibles<\/div>\n<div>\n<div class=\"et_pb_module et_pb_text et_pb_text_17_tb_body et_pb_text_align_left et_pb_bg_layout_light\">\n<div class=\"et_pb_text_inner\">\n<h2>Sp\u00e9cification<\/h2>\n<\/div>\n<\/div>\n<div class=\"et_pb_with_border et_pb_module et_pb_text et_pb_text_18_tb_body list et_pb_text_align_left et_pb_bg_layout_light\">\n<div class=\"et_pb_text_inner\">\n<ul>\n<li><strong>Am\u00e9nagement :<\/strong>\u00a0Deux chambres s\u00e9par\u00e9es, salle de bains, s\u00e9jour avec kitchenette, hall<\/li>\n<li><strong>Dimensions ext\u00e9rieures :<\/strong>\u00a0longueur 10,6 m, largeur 4,2 m, hauteur 3,6 m<\/li>\n<li><strong>Dimensions int\u00e9rieures :<\/strong>\u00a0longueur 10,2 m, largeur 3,7 m, hauteur 2,5 m<\/li>\n<li><strong>Isolation :<\/strong>\u00a020 cm de laine min\u00e9rale<\/li>\n<li><strong>Fen\u00eatres :<\/strong>\u00a0PVC, 2 vitrages<\/li>\n<li><strong>Chauffage :<\/strong>\u00a0radiateurs \u00e9lectriques ou plancher chauffant \u00e9lectrique + pompe \u00e0 chaleur air-air (option)<\/li>\n<li><strong>Refroidissement :<\/strong>\u00a0pompe \u00e0 chaleur air-air (option)<\/li>\n<li><strong>Fa\u00e7ade :<\/strong>\u00a0bois \/ t\u00f4le \u00e0 joint debout \/ panneaux composites<\/li>\n<li><strong>Toiture :<\/strong>\u00a0tuiles m\u00e9talliques ou t\u00f4le \u00e0 joint debout, angle de 1,5 degr\u00e9<\/li>\n<li><strong>Poids :<\/strong>\u00a09 tonnes<\/li>\n<li><strong>Structure de la maison :<\/strong>\u00a0Acier et bois<\/li>\n<li><strong>Performance \u00e9nerg\u00e9tique :<\/strong>\u00a0EP 69,1 kWh\/m2<\/li>\n<\/ul>\n<\/div>\n<\/div>\n<\/div>\n<\/div>\n","protected":false},"excerpt":{"rendered":"<div class=\"et_pb_with_border et_pb_module et_pb_text et_pb_text_8_tb_body et_pb_text_align_left et_pb_bg_layout_light\">\n<div class=\"et_pb_text_inner\">\n<p>Maison mobile toute l&rsquo;ann\u00e9e de 37 m\u00b2 \u00e0 42 m\u00b2 en standard cl\u00e9 en main<\/p>\n<\/div>\n<\/div>\n<div class=\"et_pb_with_border et_pb_module et_pb_text et_pb_text_9_tb_body et_pb_text_align_left et_pb_bg_layout_light\">\n<div class=\"et_pb_text_inner\">\n<table class=\"table-details\">\n<tbody>\n<tr>\n<td>Surface du b\u00e2timent<\/td>\n<td>44 m\u00b2<\/td>\n<\/tr>\n<tr>\n<td>Surface habitable<\/td>\n<td>37 m\u00b2<\/td>\n<\/tr>\n<tr>\n<td>Chambres<\/td>\n<td>3<\/td>\n<\/tr>\n<tr>\n<td>Planchers<\/td>\n<td>1<\/td>\n<\/tr>\n<\/tbody>\n<\/table>\n<\/div>\n<\/div>\n","protected":false},"featured_media":11076,"comment_status":"closed","ping_status":"closed","template":"","meta":{"inline_featured_image":false},"product_brand":[],"product_cat":[122],"product_tag":[],"class_list":{"0":"post-10671","1":"product","2":"type-product","3":"status-publish","4":"has-post-thumbnail","6":"product_cat-mobil-homes","8":"first","9":"instock","10":"sale","11":"taxable","12":"shipping-taxable","13":"product-type-simple"},"_links":{"self":[{"href":"https:\/\/cms-euro.com\/index.php?rest_route=\/wp\/v2\/product\/10671","targetHints":{"allow":["GET"]}}],"collection":[{"href":"https:\/\/cms-euro.com\/index.php?rest_route=\/wp\/v2\/product"}],"about":[{"href":"https:\/\/cms-euro.com\/index.php?rest_route=\/wp\/v2\/types\/product"}],"replies":[{"embeddable":true,"href":"https:\/\/cms-euro.com\/index.php?rest_route=%2Fwp%2Fv2%2Fcomments&post=10671"}],"version-history":[{"count":0,"href":"https:\/\/cms-euro.com\/index.php?rest_route=\/wp\/v2\/product\/10671\/revisions"}],"wp:featuredmedia":[{"embeddable":true,"href":"https:\/\/cms-euro.com\/index.php?rest_route=\/wp\/v2\/media\/11076"}],"wp:attachment":[{"href":"https:\/\/cms-euro.com\/index.php?rest_route=%2Fwp%2Fv2%2Fmedia&parent=10671"}],"wp:term":[{"taxonomy":"product_brand","embeddable":true,"href":"https:\/\/cms-euro.com\/index.php?rest_route=%2Fwp%2Fv2%2Fproduct_brand&post=10671"},{"taxonomy":"product_cat","embeddable":true,"href":"https:\/\/cms-euro.com\/index.php?rest_route=%2Fwp%2Fv2%2Fproduct_cat&post=10671"},{"taxonomy":"product_tag","embeddable":true,"href":"https:\/\/cms-euro.com\/index.php?rest_route=%2Fwp%2Fv2%2Fproduct_tag&post=10671"}],"curies":[{"name":"wp","href":"https:\/\/api.w.org\/{rel}","templated":true}]}}