{"id":10775,"date":"2025-05-08T11:45:15","date_gmt":"2025-05-08T11:45:15","guid":{"rendered":"https:\/\/cms-euro.com\/?post_type=product&#038;p=10775"},"modified":"2025-05-08T11:49:56","modified_gmt":"2025-05-08T11:49:56","slug":"sauna-modulable-de-10-m%c2%b2-avec-espace-de-repos","status":"publish","type":"product","link":"https:\/\/cms-euro.com\/?product=sauna-modulable-de-10-m%c2%b2-avec-espace-de-repos","title":{"rendered":"Sauna modulable de 10 m\u00b2 avec espace de repos,"},"content":{"rendered":"<div class=\"et_pb_module et_pb_text et_pb_text_3_tb_body et_pb_text_align_left et_pb_bg_layout_light\">\n<div class=\"et_pb_text_inner\">\n<p><span data-sheets-root=\"1\">Sauna ind\u00e9pendant avec un espace de d\u00e9tente. Il pr\u00e9sente un design industriel simple associ\u00e9 \u00e0 du bois naturel. Le sauna est en bois d&rsquo;\u00e9pic\u00e9a et dispose d&rsquo;un po\u00eale \u00e9lectrique int\u00e9gr\u00e9. Il repose sur une structure en acier. C&rsquo;est un b\u00e2timent utilisable toute l&rsquo;ann\u00e9e. Il ne n\u00e9cessite qu&rsquo;un raccordement \u00e0 l&rsquo;\u00e9lectricit\u00e9 et des fondations \u00e9l\u00e9mentaires.<\/span><\/p>\n<p>Enti\u00e8rement personnalisable, y compris les dimensions, les accessoires et les fen\u00eatres, c&rsquo;est un endroit parfait pour se d\u00e9tendre et profiter d&rsquo;habitudes saines.<\/p>\n<\/div>\n<\/div>\n<div class=\"et_pb_with_border et_pb_module et_pb_text et_pb_text_4_tb_body et_pb_text_align_left et_pb_bg_layout_light\">\n<div class=\"et_pb_text_inner\"><\/div>\n<\/div>\n<div class=\"et_pb_with_border et_pb_module et_pb_text et_pb_text_5_tb_body et_pb_text_align_left et_pb_bg_layout_light\">\n<div class=\"et_pb_text_inner\"><i class=\"fas fa-tools\" aria-hidden=\"true\"><\/i>Montage : 1 jour<\/div>\n<\/div>\n<div class=\"et_pb_with_border et_pb_module et_pb_text et_pb_text_6_tb_body et_pb_text_align_left et_pb_bg_layout_light\">\n<div class=\"et_pb_text_inner\"><i class=\"fas fa-snowflake\" aria-hidden=\"true\"><\/i>Toute l&rsquo;ann\u00e9e<\/div>\n<\/div>\n<div class=\"et_pb_with_border et_pb_module et_pb_text et_pb_text_7_tb_body et_pb_text_align_left et_pb_bg_layout_light\">\n<div class=\"et_pb_text_inner\">Norme cl\u00e9 en main<\/div>\n<\/div>\n<div><\/div>\n<div><\/div>\n<div>\n<div class=\"et_pb_module et_pb_text et_pb_text_17_tb_body et_pb_text_align_left et_pb_bg_layout_light\">\n<div class=\"et_pb_text_inner\">\n<h2>Sp\u00e9cification<\/h2>\n<\/div>\n<\/div>\n<div class=\"et_pb_with_border et_pb_module et_pb_text et_pb_text_18_tb_body list et_pb_text_align_left et_pb_bg_layout_light\">\n<div class=\"et_pb_text_inner\">\n<ul>\n<li><span data-sheets-root=\"1\"><strong>Am\u00e9nagement :<\/strong>\u00a0sauna sec avec espace de repos s\u00e9par\u00e9<br \/>\n<\/span><\/li>\n<li><span data-sheets-root=\"1\"><strong>Dimensions ext\u00e9rieures :<\/strong>\u00a0longueur 4,0 m, largeur 2,5 m, hauteur 2,5 m<br \/>\n<\/span><\/li>\n<li><span data-sheets-root=\"1\"><strong>Dimensions du sauna :<\/strong>\u00a0longueur 2,5 m, largeur 2,0 m, hauteur 2,0 m<br \/>\n<\/span><\/li>\n<li><span data-sheets-root=\"1\"><strong>Isolation :<\/strong>\u00a012 cm PIR<br \/>\n<\/span><\/li>\n<li><span data-sheets-root=\"1\"><strong>Po\u00eale :<\/strong>\u00a0Po\u00eale \u00e9lectrique pour sauna sec 9kW HUUM<br \/>\n<\/span><\/li>\n<li><span data-sheets-root=\"1\"><strong>Sauna :<\/strong>\u00a0Rev\u00eatement en bois d&rsquo;\u00e9pic\u00e9a, bancs en bois d&rsquo;Abachi, verre tremp\u00e9<br \/>\n<\/span><\/li>\n<li><span data-sheets-root=\"1\"><strong>Equipement :<\/strong>\u00a0Enti\u00e8rement meubl\u00e9<br \/>\n<\/span><\/li>\n<li><span data-sheets-root=\"1\"><strong>Fa\u00e7ade :<\/strong>\u00a0panneaux \u00e0 joint debout associ\u00e9s \u00e0 du bois naturel<\/span><\/li>\n<\/ul>\n<\/div>\n<\/div>\n<\/div>\n","protected":false},"excerpt":{"rendered":"<div class=\"et_pb_with_border et_pb_module et_pb_text et_pb_text_8_tb_body et_pb_text_align_left et_pb_bg_layout_light\">\n<div class=\"et_pb_text_inner\">\n<p><span data-sheets-root=\"1\">Sauna modulable de 10 m\u00b2 avec espace de repos, standard cl\u00e9 en main<\/span><\/p>\n<\/div>\n<\/div>\n<div class=\"et_pb_with_border et_pb_module et_pb_text et_pb_text_9_tb_body et_pb_text_align_left et_pb_bg_layout_light\">\n<div class=\"et_pb_text_inner\">\n<table class=\"table-details\">\n<tbody>\n<tr>\n<td>Surface du b\u00e2timent<\/td>\n<td>10 m\u00b2<\/td>\n<\/tr>\n<tr>\n<td>Surface habitable<\/td>\n<td>12 m\u00b2<\/td>\n<\/tr>\n<tr>\n<td>Chambres<\/td>\n<td>2<\/td>\n<\/tr>\n<tr>\n<td>Planchers<\/td>\n<td>1<\/td>\n<\/tr>\n<\/tbody>\n<\/table>\n<\/div>\n<\/div>\n","protected":false},"featured_media":11133,"comment_status":"closed","ping_status":"closed","template":"","meta":{"inline_featured_image":false},"product_brand":[],"product_cat":[122],"product_tag":[],"class_list":{"0":"post-10775","1":"product","2":"type-product","3":"status-publish","4":"has-post-thumbnail","6":"product_cat-mobil-homes","8":"first","9":"instock","10":"sale","11":"product-type-simple"},"_links":{"self":[{"href":"https:\/\/cms-euro.com\/index.php?rest_route=\/wp\/v2\/product\/10775","targetHints":{"allow":["GET"]}}],"collection":[{"href":"https:\/\/cms-euro.com\/index.php?rest_route=\/wp\/v2\/product"}],"about":[{"href":"https:\/\/cms-euro.com\/index.php?rest_route=\/wp\/v2\/types\/product"}],"replies":[{"embeddable":true,"href":"https:\/\/cms-euro.com\/index.php?rest_route=%2Fwp%2Fv2%2Fcomments&post=10775"}],"version-history":[{"count":0,"href":"https:\/\/cms-euro.com\/index.php?rest_route=\/wp\/v2\/product\/10775\/revisions"}],"wp:featuredmedia":[{"embeddable":true,"href":"https:\/\/cms-euro.com\/index.php?rest_route=\/wp\/v2\/media\/11133"}],"wp:attachment":[{"href":"https:\/\/cms-euro.com\/index.php?rest_route=%2Fwp%2Fv2%2Fmedia&parent=10775"}],"wp:term":[{"taxonomy":"product_brand","embeddable":true,"href":"https:\/\/cms-euro.com\/index.php?rest_route=%2Fwp%2Fv2%2Fproduct_brand&post=10775"},{"taxonomy":"product_cat","embeddable":true,"href":"https:\/\/cms-euro.com\/index.php?rest_route=%2Fwp%2Fv2%2Fproduct_cat&post=10775"},{"taxonomy":"product_tag","embeddable":true,"href":"https:\/\/cms-euro.com\/index.php?rest_route=%2Fwp%2Fv2%2Fproduct_tag&post=10775"}],"curies":[{"name":"wp","href":"https:\/\/api.w.org\/{rel}","templated":true}]}}