{"id":11114,"date":"2025-05-08T11:49:24","date_gmt":"2025-05-08T11:49:24","guid":{"rendered":"https:\/\/cms-euro.com\/?post_type=product&#038;p=11114"},"modified":"2025-05-08T11:52:52","modified_gmt":"2025-05-08T11:52:52","slug":"ifor-williams-hbx-506-sattelschrank","status":"publish","type":"product","link":"https:\/\/cms-euro.com\/?product=ifor-williams-hbx-506-sattelschrank","title":{"rendered":"IFOR WILLIAMS \u2013 HBX 506 SATTELSCHRANK"},"content":{"rendered":"","protected":false},"excerpt":{"rendered":"<p>Type : Fourgons tir\u00e9s &#8211; Chevaux<br \/>\nMarque : Ifor Williams<br \/>\nMod\u00e8le : HBX 506 SADDLE LOCK<br \/>\nNombre de chevaux : 2<br \/>\nGarantie : 12 mois<br \/>\nAnn\u00e9e : 2023<br \/>\n\u00c9tat : Neuf<br \/>\nD\u00e9placement des chevaux : Marche avant<br \/>\nPont arri\u00e8re<\/p>\n<p>Description<\/p>\n<p>Caract\u00e9ristiques de l&rsquo;armoire rembourr\u00e9e du fourgon HBX 506 :<\/p>\n<p>\u2013 Vitres sur toute la partie avant du fourgon,<br \/>\n\u2013 A\u00e9rateurs avant,<br \/>\n\u2013 Plancher, ponts et parois en aluminium,<br \/>\n\u2013 Feu de recul, \u2013<br \/>\nCoffre \u00e0 sellerie int\u00e9gr\u00e9, \u2013<br \/>\nPont de porte arri\u00e8re, \u2013<br \/>\nVolets roulants au-dessus du pont , \u2013<br \/>\nC\u00f4t\u00e9 de la cabine avec montant central,<br \/>\n\u2013 Porte d&rsquo;inspection verrouillable,<br \/>\n\u2013 Miroir de courtoisie, \u2013<br \/>\nRoue de secours, \u2013<br \/>\nSupports de ressorts \u00e0 lames,<br \/>\n\u2013 A\u00e9rateur de toit,<br \/>\n\u2013 \u00c9clairage int\u00e9rieur \u00e0 LED.<\/p>\n<p>Caract\u00e9ristiques de la garde-robe rembourr\u00e9e du fourgon HBX 506 :<\/p>\n<p>\u2013 Poids \u00e0 vide : 865 kg<br \/>\n\u2013 Poids total : 1400 kg 2600 kg<br \/>\n\u2013 Pneus : 165R13C<br \/>\n\u2013 Dimensions hors tout : Hauteur : 2,74 m \u2013 Largeur : 2,14 m \u2013 Longueur : 4,30 m,<br \/>\n\u2013 Dimensions utiles : Hauteur : 2,29 m \u2013 Largeur : 1,67 m \u2013 Longueur : 3,26 m<\/p>\n","protected":false},"featured_media":11399,"comment_status":"closed","ping_status":"closed","template":"","meta":{"inline_featured_image":false},"product_brand":[],"product_cat":[105],"product_tag":[],"class_list":{"0":"post-11114","1":"product","2":"type-product","3":"status-publish","4":"has-post-thumbnail","6":"product_cat-remorques","8":"first","9":"instock","10":"sale","11":"product-type-simple"},"_links":{"self":[{"href":"https:\/\/cms-euro.com\/index.php?rest_route=\/wp\/v2\/product\/11114","targetHints":{"allow":["GET"]}}],"collection":[{"href":"https:\/\/cms-euro.com\/index.php?rest_route=\/wp\/v2\/product"}],"about":[{"href":"https:\/\/cms-euro.com\/index.php?rest_route=\/wp\/v2\/types\/product"}],"replies":[{"embeddable":true,"href":"https:\/\/cms-euro.com\/index.php?rest_route=%2Fwp%2Fv2%2Fcomments&post=11114"}],"version-history":[{"count":0,"href":"https:\/\/cms-euro.com\/index.php?rest_route=\/wp\/v2\/product\/11114\/revisions"}],"wp:featuredmedia":[{"embeddable":true,"href":"https:\/\/cms-euro.com\/index.php?rest_route=\/wp\/v2\/media\/11399"}],"wp:attachment":[{"href":"https:\/\/cms-euro.com\/index.php?rest_route=%2Fwp%2Fv2%2Fmedia&parent=11114"}],"wp:term":[{"taxonomy":"product_brand","embeddable":true,"href":"https:\/\/cms-euro.com\/index.php?rest_route=%2Fwp%2Fv2%2Fproduct_brand&post=11114"},{"taxonomy":"product_cat","embeddable":true,"href":"https:\/\/cms-euro.com\/index.php?rest_route=%2Fwp%2Fv2%2Fproduct_cat&post=11114"},{"taxonomy":"product_tag","embeddable":true,"href":"https:\/\/cms-euro.com\/index.php?rest_route=%2Fwp%2Fv2%2Fproduct_tag&post=11114"}],"curies":[{"name":"wp","href":"https:\/\/api.w.org\/{rel}","templated":true}]}}