{"id":11132,"date":"2025-05-08T11:49:46","date_gmt":"2025-05-08T11:49:46","guid":{"rendered":"https:\/\/cms-euro.com\/?post_type=product&#038;p=11132"},"modified":"2025-05-08T11:54:35","modified_gmt":"2025-05-08T11:54:35","slug":"tiny-house-caravane-s190-4m","status":"publish","type":"product","link":"https:\/\/cms-euro.com\/?product=tiny-house-caravane-s190-4m","title":{"rendered":"Tiny House Caravane S190 4M"},"content":{"rendered":"<p>Caravane Tiny House S190 4M<\/p>\n<p>Sont inclus<br \/>\nSalle \u00e0 manger, toilettes et une chambre pour deux personnes<\/p>\n<p>Dimensions internes<br \/>\n3 980 x 2 315 x (H) 2 200 mm<\/p>\n<p>Dimensions hors tout<br \/>\n5 630 x 2 550 \u00d7(H) 3 050 mm<\/p>\n<p>Masse totale<br \/>\n1600 kg<\/p>\n<p>Freins frein\u00e9s<\/p>\n<p>Connexion par boulon de cadre<\/p>\n<p>Isolations<br \/>\nSol : isolation thermique XPS 50 mm et rev\u00eatement PVC<br \/>\nMurs : isolation thermique XPS 50 mm<br \/>\nPlafond : isolation thermique XPS 50 mm<\/p>\n<p>Tapisseries<br \/>\nRev\u00eatement ext\u00e9rieur : Rev\u00eatement en plastique aspect bois v\u00e9ritable (sans entretien)<br \/>\nRev\u00eatement int\u00e9rieur : contreplaqu\u00e9<\/p>\n<p>Plancher d&rsquo;\u00e9quipement standard : XPS<br \/>\nIsolation thermique 50 mm et murs rev\u00eatement PVC : Plafond \u00e0 isolation thermique XPS 50 mm<br \/>\n: \u00c9clairage int\u00e9rieur LED dans toutes les pi\u00e8ces (dimmable) 4 supports d&rsquo;angle Raccordement \u00e9lectrique 230V-16A avec rallonge Chambres climatis\u00e9es Syst\u00e8me d&rsquo;eau interne et externe Roues \u00e9quilibr\u00e9es avec pneus M+S Portes doubles scell\u00e9es et \u00e9tanches Lit\/canap\u00e9 convertible S\u00e9jour Table basse Chauffage Eurom Coffret \u00e9quipement sur la poign\u00e9e SALLE \u00c0 MANGER :<\/p>\n<p>Tableau<br \/>\n2 tabourets de bar<br \/>\nUn four \u00e0 micro-ondes<br \/>\nArmoires<br \/>\nCuisini\u00e8re \u00e0 induction Berk<br \/>\nR\u00e9frig\u00e9rateur<br \/>\nFen\u00eatre<br \/>\nLavabo de salle de bain<br \/>\nTOILETTES:<\/p>\n<p>WC de Thetford<br \/>\nMiroir<br \/>\nAccessoires :<\/p>\n<p>Panneaux solaires<br \/>\n2 batteries lithium 150 Ah 12 V.<br \/>\nFilm miroir sur les fen\u00eatres<\/p>\n","protected":false},"excerpt":{"rendered":"<p>Vous souhaitez profiter du calme de la nature, mais ne voulez pas faire de compromis sur le confort ? D\u00e9couvrez la collection de la tiny house Alro \u2013 l\u2019option la plus luxueuse et la plus polyvalente du march\u00e9. Alro n&rsquo;est pas seulement \u00e9l\u00e9gant, mais aussi fonctionnel. La tiny house S190 dispose d&rsquo;une salle \u00e0 manger, d&rsquo;un WC et d&rsquo;une chambre pour deux personnes, d&rsquo;un rev\u00eatement en plastique ressemblant \u00e0 du vrai bois (sans entretien) et d&rsquo;un syst\u00e8me d&rsquo;eau interne et externe. Que vous ayez besoin d&rsquo;une cabine principale, d&rsquo;une cabine d&rsquo;invit\u00e9s ou d&rsquo;une cabine de sauna moderne, cette remorque cabine r\u00e9pondra \u00e0 vos attentes. Chaque Tiny house Alro . Le cadre est r\u00e9alis\u00e9 en t\u00f4le d&rsquo;acier galvanis\u00e9e \u00e0 chaud et assembl\u00e9 par des assemblages boulonn\u00e9s. Le syst\u00e8me \u00e9lectrique et les lumi\u00e8res sont r\u00e9sistants aux intemp\u00e9ries. <\/p>\n","protected":false},"featured_media":11428,"comment_status":"closed","ping_status":"closed","template":"","meta":{"inline_featured_image":false},"product_brand":[],"product_cat":[122],"product_tag":[],"class_list":{"0":"post-11132","1":"product","2":"type-product","3":"status-publish","4":"has-post-thumbnail","6":"product_cat-mobil-homes","8":"first","9":"instock","10":"taxable","11":"shipping-taxable","12":"product-type-simple"},"_links":{"self":[{"href":"https:\/\/cms-euro.com\/index.php?rest_route=\/wp\/v2\/product\/11132","targetHints":{"allow":["GET"]}}],"collection":[{"href":"https:\/\/cms-euro.com\/index.php?rest_route=\/wp\/v2\/product"}],"about":[{"href":"https:\/\/cms-euro.com\/index.php?rest_route=\/wp\/v2\/types\/product"}],"replies":[{"embeddable":true,"href":"https:\/\/cms-euro.com\/index.php?rest_route=%2Fwp%2Fv2%2Fcomments&post=11132"}],"version-history":[{"count":0,"href":"https:\/\/cms-euro.com\/index.php?rest_route=\/wp\/v2\/product\/11132\/revisions"}],"wp:featuredmedia":[{"embeddable":true,"href":"https:\/\/cms-euro.com\/index.php?rest_route=\/wp\/v2\/media\/11428"}],"wp:attachment":[{"href":"https:\/\/cms-euro.com\/index.php?rest_route=%2Fwp%2Fv2%2Fmedia&parent=11132"}],"wp:term":[{"taxonomy":"product_brand","embeddable":true,"href":"https:\/\/cms-euro.com\/index.php?rest_route=%2Fwp%2Fv2%2Fproduct_brand&post=11132"},{"taxonomy":"product_cat","embeddable":true,"href":"https:\/\/cms-euro.com\/index.php?rest_route=%2Fwp%2Fv2%2Fproduct_cat&post=11132"},{"taxonomy":"product_tag","embeddable":true,"href":"https:\/\/cms-euro.com\/index.php?rest_route=%2Fwp%2Fv2%2Fproduct_tag&post=11132"}],"curies":[{"name":"wp","href":"https:\/\/api.w.org\/{rel}","templated":true}]}}