{"id":12105,"date":"2025-06-16T22:02:50","date_gmt":"2025-06-16T22:02:50","guid":{"rendered":"https:\/\/cms-euro.com\/?post_type=product&#038;p=12105"},"modified":"2025-06-16T22:03:51","modified_gmt":"2025-06-16T22:03:51","slug":"conteneur-piscine-40-pieds","status":"publish","type":"product","link":"https:\/\/cms-euro.com\/?product=conteneur-piscine-40-pieds","title":{"rendered":"Conteneur Piscine 40 pieds"},"content":{"rendered":"<p>Pompe de filtration : BWT i-Star II 15M<br \/>\nTraitement de l&rsquo;eau : OSF MRD-3 avec mesure du chlore libre<br \/>\nDistributeur \u00e9lectrique<br \/>\nBo\u00eetier de commande \u00e9lectrique Schneider<br \/>\nTous les packs technologiques sont pr\u00e9install\u00e9s, raccord\u00e9s et disposent de l&rsquo;installation \u00e9lectrique n\u00e9cessaire.<br \/>\nSyst\u00e8me de filtration int\u00e9gr\u00e9<\/p>\n<p>Filtre \u00e0 sable<\/p>\n<p>Projecteur LED subaquatique<\/p>\n<p>Enti\u00e8rement isol\u00e9 avec de la mousse de polyur\u00e9thane rigide.<br \/>\nSurface tr\u00e8s brillante<br \/>\nInd\u00e9formable et r\u00e9sistant \u00e0 la pression de la glace<br \/>\nGrande \u00e9paisseur de paroi<br \/>\nFacile \u00e0 installer<br \/>\n40 % de fibre de verre<br \/>\nDurable pendant des d\u00e9cennies<br \/>\nR\u00e9sistant aux UV<br \/>\nAccessoires en acier inoxydable V4A de haute qualit\u00e9 inclus. Buse de siphon de fond<br \/>\nCet accessoire est mont\u00e9 sur la piscine.<\/p>\n<p>Le syst\u00e8me d&rsquo;eau pure est pr\u00eat \u00e0 fonctionner.<\/p>\n","protected":false},"excerpt":{"rendered":"<div class=\"_1rQhv fggS- cell\">\n<div class=\"_2dNDU\" data-hook=\"product-prices-wrapper\">\n<div class=\"_2POY8 _3xx10\" data-hook=\"product-price\">\n<div class=\"_26qxh\">Nous vous proposons la piscine conteneur, une solution de piscine tout-en-un pr\u00e9-assembl\u00e9e pour votre plus grand confort d\u2019installation (aucune d\u00e9claration administrative n\u2019est requise).<\/div>\n<\/div>\n<\/div>\n<\/div>\n<div class=\"_3b8oP fggS- cell\">\n<section class=\"_2RbVQ\" data-hook=\"description-wrapper\">\n<div class=\"_3nbVj\">\n<div class=\"_3cRjW\" data-hook=\"content-wrapper\">\n<p>Bassin d&rsquo;eau 22 000 litres avec escalier \u00e0 quatre marches et syst\u00e8me d&rsquo;eau claire<\/p>\n<\/div>\n<ul class=\"_1V4Ij\" data-hook=\"collapse-info-section\">\n<li class=\"_2knBS undefined\" data-hook=\"collapse-info-item\">\n<h2 class=\"Text3027143737__root Text3027143737---typography-11-runningText Text3027143737---priority-7-primary s8gg2 _2UIKs InfoSectionTitle3095652555__root\" aria-hidden=\"false\" data-hook=\"info-section-title\"><span style=\"color: #333333; font-size: 16px;\">Dimensions:<\/span><\/h2>\n<div class=\"rah-static rah-static--height-auto\" aria-hidden=\"false\">\n<div class=\"_1yvxJ fggS- cell\">\n<div class=\"WncCi\" data-hook=\"info-section-description\">\n<p>650 x 280 x 130 cm + bordure de 9 cm tout autour.<\/p>\n<p>Longueur 650cm<\/p>\n<p>Largeur 280cm<\/p>\n<p>Profondeur 130cm<\/p>\n<p>Volume 22 000 l<\/p>\n<p>Syst\u00e8me de filtre int\u00e9gr\u00e9<\/p>\n<p>Filtre \u00e0 sable<\/p>\n<p>Spot LED sous l\u2019eau<\/p>\n<p>Enti\u00e8rement isol\u00e9 avec de la mousse polyur\u00e9thane rigide.<br \/>\nSurface tr\u00e8s brillante<br \/>\nInd\u00e9formable et r\u00e9sistant \u00e0 la pression de la glace<br \/>\n\u00c9paisseur de paroi \u00e9lev\u00e9e<br \/>\nFacile \u00e0 installer<br \/>\n40\u00a0% de fibres de verre<br \/>\nDurable pendant des d\u00e9cennies<br \/>\nR\u00e9sistant aux UV<br \/>\nComprend des accessoires en acier inoxydable V4A de haute qualit\u00e9.<br \/>\njet<br \/>\nSiphon de sol<br \/>\nCet accessoire se monte sur la piscine.<\/p>\n<p>Le syst\u00e8me d\u2019eau claire est pr\u00eat \u00e0 fonctionner.<\/p>\n<\/div>\n<\/div>\n<\/div>\n<\/li>\n<\/ul>\n<\/div>\n<\/section>\n<\/div>\n","protected":false},"featured_media":12221,"comment_status":"closed","ping_status":"closed","template":"","meta":{"inline_featured_image":false},"product_brand":[],"product_cat":[117,131],"product_tag":[],"class_list":{"0":"post-12105","1":"product","2":"type-product","3":"status-publish","4":"has-post-thumbnail","6":"product_cat-containers","7":"product_cat-conteneur-piscine","9":"first","10":"instock","11":"sale","12":"product-type-simple"},"_links":{"self":[{"href":"https:\/\/cms-euro.com\/index.php?rest_route=\/wp\/v2\/product\/12105","targetHints":{"allow":["GET"]}}],"collection":[{"href":"https:\/\/cms-euro.com\/index.php?rest_route=\/wp\/v2\/product"}],"about":[{"href":"https:\/\/cms-euro.com\/index.php?rest_route=\/wp\/v2\/types\/product"}],"replies":[{"embeddable":true,"href":"https:\/\/cms-euro.com\/index.php?rest_route=%2Fwp%2Fv2%2Fcomments&post=12105"}],"version-history":[{"count":1,"href":"https:\/\/cms-euro.com\/index.php?rest_route=\/wp\/v2\/product\/12105\/revisions"}],"predecessor-version":[{"id":12222,"href":"https:\/\/cms-euro.com\/index.php?rest_route=\/wp\/v2\/product\/12105\/revisions\/12222"}],"wp:featuredmedia":[{"embeddable":true,"href":"https:\/\/cms-euro.com\/index.php?rest_route=\/wp\/v2\/media\/12221"}],"wp:attachment":[{"href":"https:\/\/cms-euro.com\/index.php?rest_route=%2Fwp%2Fv2%2Fmedia&parent=12105"}],"wp:term":[{"taxonomy":"product_brand","embeddable":true,"href":"https:\/\/cms-euro.com\/index.php?rest_route=%2Fwp%2Fv2%2Fproduct_brand&post=12105"},{"taxonomy":"product_cat","embeddable":true,"href":"https:\/\/cms-euro.com\/index.php?rest_route=%2Fwp%2Fv2%2Fproduct_cat&post=12105"},{"taxonomy":"product_tag","embeddable":true,"href":"https:\/\/cms-euro.com\/index.php?rest_route=%2Fwp%2Fv2%2Fproduct_tag&post=12105"}],"curies":[{"name":"wp","href":"https:\/\/api.w.org\/{rel}","templated":true}]}}