{"id":12106,"date":"2025-06-16T22:02:50","date_gmt":"2025-06-16T22:02:50","guid":{"rendered":"https:\/\/cms-euro.com\/?post_type=product&#038;p=12106"},"modified":"2025-07-17T01:03:00","modified_gmt":"2025-07-17T01:03:00","slug":"container-10-pieds-isotherme","status":"publish","type":"product","link":"https:\/\/cms-euro.com\/?product=container-10-pieds-isotherme","title":{"rendered":"Container 10 Pieds Isotherme"},"content":{"rendered":"","protected":false},"excerpt":{"rendered":"<p>Le\u00a0<strong>conteneur 10 pieds isotherme occasion<\/strong>\u00a0ou appel\u00e9 \u00e9galement\u00a0<strong>container 10 pieds isotherme frigorifique<\/strong>, est tr\u00e8s utilis\u00e9 pour l\u2019activit\u00e9 de stockage de produit frais. Avec son faible encombrement, le conteneur 10 pieds isotherme trouve sa place ! Permet de conserver la temp\u00e9rature \u00e0 l\u2019int\u00e9rieur du container sans moteur.<\/p>\n<p>&nbsp;<\/p>\n<p>&nbsp;<\/p>\n<p>Caract\u00e9ristiques techniques.<\/p>\n<p><strong>Dimensions int\u00e9rieures<\/strong><\/p>\n<p>-Longueur : 2 389 mm<\/p>\n<p>-Largeur : 2 294 mm<\/p>\n<p>-Hauteur : 2 273 mm<\/p>\n<p>-Hauteur int\u00e9rieure (jusqu\u2019\u00e0 limite de chargement) : 2 173 mm<\/p>\n<p>&nbsp;<\/p>\n<p><strong>Dimensions ext\u00e9rieures<\/strong><\/p>\n<p>-Longueur : 2 991 mm<\/p>\n<p>-Largeur : 2 438 mm<\/p>\n<p>-Hauteur : 2 591 mm<\/p>\n<p>&nbsp;<\/p>\n<p><strong>Dimensions des portes<\/strong><\/p>\n<p>-Largeur : 2 292 mm<\/p>\n<p>-Hauteur : 2 264 mm<\/p>\n<p><strong>Structure :\u00a0<\/strong>CORTEN et INOX<\/p>\n<p><strong>Plancher<\/strong><\/p>\n<p>PLANCHER PLAT EN ALU<\/p>\n<p>Ouverture des portes \u00e0 270\u00b0<\/p>\n<p><strong>Informations compl\u00e9mentaires<\/strong><\/p>\n<p>&#8211; Surface int\u00e9rieure : 5,48 m2<\/p>\n<p>&#8211; Nombre de palettes EURO : 4<\/p>\n<p>-Charge max : 15 000 kgs<\/p>\n<p>-Poids \u00e0 vide : 2 600 kgs<\/p>\n<p>-Poids max : 12 400 kgs<\/p>\n<p>-Volume int\u00e9rieur total : 12,45 m3<\/p>\n<p>-Volume int\u00e9rieure utilisable (jusqu\u2019\u00e0 ligne maximale de ventilation) : 11,91 m3<\/p>\n<p>&nbsp;<\/p>\n<p>Avantages :<\/p>\n<p>&nbsp;<\/p>\n<p>&#8211; Livr\u00e9 et pr\u00eat \u00e0 l\u2019emploi<\/p>\n<p>&#8211; Groupe froid contr\u00f4l\u00e9<\/p>\n<p>&#8211; Isolation \u00e9paisseur 70 mm<\/p>\n<p>&#8211; Facile d\u2019utilisation<\/p>\n","protected":false},"featured_media":12233,"comment_status":"closed","ping_status":"closed","template":"","meta":{"inline_featured_image":false},"product_brand":[],"product_cat":[117,125,120],"product_tag":[],"class_list":{"0":"post-12106","1":"product","2":"type-product","3":"status-publish","4":"has-post-thumbnail","6":"product_cat-containers","7":"product_cat-conteneurs-frigorifiques","8":"product_cat-conteneurs-sanitaire","10":"first","11":"instock","12":"sale","13":"taxable","14":"shipping-taxable","15":"product-type-simple"},"_links":{"self":[{"href":"https:\/\/cms-euro.com\/index.php?rest_route=\/wp\/v2\/product\/12106","targetHints":{"allow":["GET"]}}],"collection":[{"href":"https:\/\/cms-euro.com\/index.php?rest_route=\/wp\/v2\/product"}],"about":[{"href":"https:\/\/cms-euro.com\/index.php?rest_route=\/wp\/v2\/types\/product"}],"replies":[{"embeddable":true,"href":"https:\/\/cms-euro.com\/index.php?rest_route=%2Fwp%2Fv2%2Fcomments&post=12106"}],"version-history":[{"count":1,"href":"https:\/\/cms-euro.com\/index.php?rest_route=\/wp\/v2\/product\/12106\/revisions"}],"predecessor-version":[{"id":12234,"href":"https:\/\/cms-euro.com\/index.php?rest_route=\/wp\/v2\/product\/12106\/revisions\/12234"}],"wp:featuredmedia":[{"embeddable":true,"href":"https:\/\/cms-euro.com\/index.php?rest_route=\/wp\/v2\/media\/12233"}],"wp:attachment":[{"href":"https:\/\/cms-euro.com\/index.php?rest_route=%2Fwp%2Fv2%2Fmedia&parent=12106"}],"wp:term":[{"taxonomy":"product_brand","embeddable":true,"href":"https:\/\/cms-euro.com\/index.php?rest_route=%2Fwp%2Fv2%2Fproduct_brand&post=12106"},{"taxonomy":"product_cat","embeddable":true,"href":"https:\/\/cms-euro.com\/index.php?rest_route=%2Fwp%2Fv2%2Fproduct_cat&post=12106"},{"taxonomy":"product_tag","embeddable":true,"href":"https:\/\/cms-euro.com\/index.php?rest_route=%2Fwp%2Fv2%2Fproduct_tag&post=12106"}],"curies":[{"name":"wp","href":"https:\/\/api.w.org\/{rel}","templated":true}]}}