{"id":12333,"date":"2025-06-16T22:04:57","date_gmt":"2025-06-16T22:04:57","guid":{"rendered":"https:\/\/cms-euro.com\/?post_type=product&#038;p=12333"},"modified":"2025-06-16T22:04:59","modified_gmt":"2025-06-16T22:04:59","slug":"piscine-spa-container-30mx-30m-jacuzzi-forfait-confort","status":"publish","type":"product","link":"https:\/\/cms-euro.com\/?product=piscine-spa-container-30mx-30m-jacuzzi-forfait-confort","title":{"rendered":"Piscine spa Container 3,0mx 3,0m , jacuzzi, Forfait Confort"},"content":{"rendered":"","protected":false},"excerpt":{"rendered":"<p>Notre plus petite proposition de piscine. Parfait pour les enfants ou pour les petites f\u00eates dans votre propre jardin. Facile \u00e0 transporter et \u00e0 entretenir. Une excellente fa\u00e7on de cr\u00e9er votre propre spa de piscine ou une alternative plus grande pour un jacuzzi.<\/p>\n<p>Le pack\u00a0 Comfort est une solution parfaite pour ceux qui souhaitent profiter d&rsquo;une piscine sans aucun travaux de construction \u00e0 pr\u00e9voir !<\/p>\n<ul>\n<li>Syst\u00e8me de filtration<\/li>\n<li>Platelage composite WPC<\/li>\n<li>Kit de nettoyage inclus<\/li>\n<\/ul>\n<p>Son design industriel unique dans l&rsquo;une de nos finitions sp\u00e9cialement con\u00e7ues s&rsquo;adaptera aussi bien \u00e0 un petit jardin qu&rsquo;\u00e0 un plus grand espace.<\/p>\n<p>&nbsp;<\/p>\n<p>sp\u00e9cification<\/p>\n<ul>\n<li><strong>Longueur :<\/strong>\u00a03,00 m<\/li>\n<li><strong>Largeur :<\/strong>\u00a03,00 m<\/li>\n<li><strong>Niveau d&rsquo;eau :<\/strong>\u00a01,15 m<\/li>\n<li><strong>Hauteur ext\u00e9rieure :<\/strong>\u00a01,37 m<\/li>\n<li>Bas\u00e9 sur un conteneur maritime<\/li>\n<li>Pr\u00eat \u00e0 l&#8217;emploi le jour m\u00eame de la livraison<\/li>\n<li>Terrasse et escaliers en bois composite (WPC)<\/li>\n<li>Syst\u00e8me de filtration<\/li>\n<li>Peu de couleurs disponibles<\/li>\n<li><strong>Inclus dans le prix<\/strong><\/li>\n<li>Piscine compl\u00e8te et finie<\/li>\n<li>Installation compl\u00e8te d&rsquo;\u00e9lectricit\u00e9 et d&rsquo;eau<\/li>\n<li>Grue pour soulever la piscine du camion<\/li>\n<li>Transport<\/li>\n<li>Fondations<\/li>\n<li>Assemblage sur place<\/li>\n<li>Raccordement \u00e0 une installation \u00e9lectrique 1 ou 3 phases<\/li>\n<\/ul>\n","protected":false},"featured_media":12345,"comment_status":"open","ping_status":"closed","template":"","meta":{"inline_featured_image":false},"product_brand":[],"product_cat":[131],"product_tag":[],"class_list":{"0":"post-12333","1":"product","2":"type-product","3":"status-publish","4":"has-post-thumbnail","6":"product_cat-conteneur-piscine","8":"first","9":"instock","10":"sale","11":"product-type-simple"},"_links":{"self":[{"href":"https:\/\/cms-euro.com\/index.php?rest_route=\/wp\/v2\/product\/12333","targetHints":{"allow":["GET"]}}],"collection":[{"href":"https:\/\/cms-euro.com\/index.php?rest_route=\/wp\/v2\/product"}],"about":[{"href":"https:\/\/cms-euro.com\/index.php?rest_route=\/wp\/v2\/types\/product"}],"replies":[{"embeddable":true,"href":"https:\/\/cms-euro.com\/index.php?rest_route=%2Fwp%2Fv2%2Fcomments&post=12333"}],"version-history":[{"count":1,"href":"https:\/\/cms-euro.com\/index.php?rest_route=\/wp\/v2\/product\/12333\/revisions"}],"predecessor-version":[{"id":12346,"href":"https:\/\/cms-euro.com\/index.php?rest_route=\/wp\/v2\/product\/12333\/revisions\/12346"}],"wp:featuredmedia":[{"embeddable":true,"href":"https:\/\/cms-euro.com\/index.php?rest_route=\/wp\/v2\/media\/12345"}],"wp:attachment":[{"href":"https:\/\/cms-euro.com\/index.php?rest_route=%2Fwp%2Fv2%2Fmedia&parent=12333"}],"wp:term":[{"taxonomy":"product_brand","embeddable":true,"href":"https:\/\/cms-euro.com\/index.php?rest_route=%2Fwp%2Fv2%2Fproduct_brand&post=12333"},{"taxonomy":"product_cat","embeddable":true,"href":"https:\/\/cms-euro.com\/index.php?rest_route=%2Fwp%2Fv2%2Fproduct_cat&post=12333"},{"taxonomy":"product_tag","embeddable":true,"href":"https:\/\/cms-euro.com\/index.php?rest_route=%2Fwp%2Fv2%2Fproduct_tag&post=12333"}],"curies":[{"name":"wp","href":"https:\/\/api.w.org\/{rel}","templated":true}]}}