{"id":12337,"date":"2025-06-16T22:04:57","date_gmt":"2025-06-16T22:04:57","guid":{"rendered":"https:\/\/cms-euro.com\/?post_type=product&#038;p=12337"},"modified":"2025-06-16T22:05:21","modified_gmt":"2025-06-16T22:05:21","slug":"piscine-en-acier-inoxydable-inox-avec-skimmer","status":"publish","type":"product","link":"https:\/\/cms-euro.com\/?product=piscine-en-acier-inoxydable-inox-avec-skimmer","title":{"rendered":"Piscine en acier inoxydable INOX avec skimmer"},"content":{"rendered":"<p>VOS AVANTAGES<br \/>\nPiscine pr\u00e9fabriqu\u00e9e en acier inoxydable de la plus haute qualit\u00e9, fabriqu\u00e9e dans une qualit\u00e9 de fabrication<br \/>\nSoud\u00e9 par robot pour de meilleurs r\u00e9sultats de soudage<br \/>\npas de soudures crois\u00e9es dans la zone jusqu&rsquo;\u00e0 10 m de long<br \/>\navec un cadre solide et nivelable<br \/>\nLa piscine est tach\u00e9e \u00e0 l&rsquo;int\u00e9rieur et \u00e0 l&rsquo;ext\u00e9rieur<br \/>\nIsolation du sol 20 mm<br \/>\nisolation murale mont\u00e9e 50 et 20 mm<br \/>\nLa construction en ossature fix\u00e9e au corps de la piscine en usine permet d&rsquo;adapter le coffrage \u00e0 toutes les classes de sols.<br \/>\nConstruction la plus simple et remplissage avec du b\u00e9ton maigre ou isolant<br \/>\nCONTENU DE LA LIVRAISON<br \/>\nCorps de piscine skimmer en t\u00f4le d&rsquo;acier inoxydable 1.4404 (X2CrNiMol 7-1 2-2) AlSl 316L sol K400<br \/>\nSlimskimmer et drain mural en acier inoxydable<br \/>\nescaliers d&rsquo;angle droits (autres sur demande)<br \/>\nBuses d&rsquo;entr\u00e9e<br \/>\nIsolation du sol 20 mm et isolation des murs mont\u00e9e 50\/20 mm<br \/>\nLivraison d\u00e9charg\u00e9e jusqu&rsquo;au trottoir, en Allemagne (continentale, hors \u00eeles). Le point de livraison doit \u00eatre accessible par la voie publique par camion \u00e9quip\u00e9 d&rsquo;une remorque et d&rsquo;une hauteur maximale de 4,30 m.<\/p>\n<p>Dimensions de votre piscine skimmer professionnelle piscine inox INOX<br \/>\nINOX piscine professionnelle inox &#8211; piscine skimmer est disponible en 2 profondeurs de piscine.<\/p>\n<p>&nbsp;<\/p>\n<p>7<br \/>\nLONGUEUR DE LA PISCINE EN M<\/p>\n<p>3.5<br \/>\nLARGEUR DE LA PISCINE EN M<\/p>\n<p>24,5<br \/>\nSURFACE D&rsquo;EAU EN M\u00b2<\/p>\n<p>1,50<br \/>\nPROFONDEUR DE LA PISCINE EN M<\/p>\n<p>1,43<br \/>\nPROFONDEUR DE L&rsquo;EAU EN M<\/p>\n<p>35<br \/>\nVOLUME DE LA PISCINE EN M\u00b3<\/p>\n<p>&nbsp;<\/p>\n<p>Escaliers et banc<br \/>\nCommencer, ce n\u2019est pas seulement commencer. Surtout pas avec une piscine exclusive en acier inoxydable INOX. Les marches sont dot\u00e9es de boutons carr\u00e9s pour une utilisation s\u00e9curitaire sans risque de glisser.<br \/>\nSi vous le souhaitez, le banc en cannage peut \u00eatre reli\u00e9 \u00e0 l&rsquo;entr\u00e9e.<br \/>\nNous serions heureux de vous conseiller \u00e0 ce sujet sur demande.<\/p>\n<p>Entr\u00e9e \u00e9troite<br \/>\nEntr\u00e9e \u00e9troite<\/p>\n<p>Entr\u00e9e flottante<\/p>\n<p>Entr\u00e9e carr\u00e9e<br \/>\nEntr\u00e9e carr\u00e9e<\/p>\n<p>Entr\u00e9e en diagonale<br \/>\nEntr\u00e9e diagonale<\/p>\n<p>Banc en cannage<br \/>\nBanc en cannage<\/p>\n<p>Pack technologique standard pour piscines avec skimmer en acier inoxydable<br \/>\nTous les ensembles technologiques sont pr\u00e9install\u00e9s, raccord\u00e9s et disposent de l&rsquo;installation \u00e9lectrique n\u00e9cessaire. Pour des raisons de s\u00e9curit\u00e9, les composants individuels peuvent \u00eatre d\u00e9mont\u00e9s en ensembles pour le transport. Gr\u00e2ce \u00e0 nos \u00e9tiquettes et \u00e0 nos instructions de montage visualis\u00e9es, le montage est incroyablement simple.<\/p>\n<p>Puits technologique pour piscines<br \/>\nDimensions de l&rsquo;arbre<br \/>\nL 200 cm x l 150 x H 130 cm<\/p>\n<p>Distributeur \u00e9lectrique<br \/>\nBo\u00eetier de commande \u00e9lectrique Schneider<\/p>\n<p>R\u00e9cipient filtrant<br \/>\nPlatinum II 600 avec verre filtrant<\/p>\n<p>Pompe \u00e0 filtre<br \/>\nBWT i-Star II 15M<\/p>\n<p>Traitement de l&rsquo;eau<br \/>\nOSF MRD-3 avec mesure du chlore libre<\/p>\n<p>&nbsp;<\/p>\n<p>\u00e9clairage<br \/>\nUne piscine de qualit\u00e9 n\u00e9cessite un \u00e9clairage de qualit\u00e9. Choisissez entre diff\u00e9rents forfaits du programme d\u2019\u00e9clairage Spectravision. Avec un pack d&rsquo;\u00e9clairage RVB, la livraison comprend un contr\u00f4le compatible DMX et une option de gradation via t\u00e9l\u00e9commande, avec un \u00e9clairage blanc avec t\u00e9l\u00e9commande ON\/OFF<br \/>\nAvantages du syst\u00e8me adagio<br \/>\n\u2022 finition de haute qualit\u00e9<br \/>\n\u2022 LED puissantes<br \/>\n\u2022 design tr\u00e8s compact<br \/>\n\u2022 \u00e9conomique en consommation d&rsquo;\u00e9nergie<br \/>\n\u2022 Fabriqu\u00e9 en UE<\/p>\n<p>D\u00e9tails<br \/>\nCouleur de la lumi\u00e8re RVB : 1700 lm, 45 W, d=100 mm, dimmable en<br \/>\n11 couleurs diff\u00e9rentes<\/p>\n<p>Couleur de lumi\u00e8re BLANC : 2350 lm, 30 W, d = 100 mm, dimmable<br \/>\nInstallation de couvertures de s\u00e9curit\u00e9<br \/>\n\u2022 Installation des fixations (ancrages au sol) dans la fondation existante<br \/>\n\u2022 Mise en place de la couverture<br \/>\n\u2022 Ajustement du dispositif de haubanage<\/p>\n","protected":false},"excerpt":{"rendered":"<p>Piscine en acier inoxydable INOX avec skimmer<br \/>\nNos piscines \u00e0 skimmer en acier inoxydable offrent une exp\u00e9rience de baignade unique avec des effets de lumi\u00e8re enchanteurs et un comportement de r\u00e9flexion unique. Un design puriste, des surfaces exclusives et une sensation unique.<br \/>\n[1] ENTR\u00c9E AVEC REV\u00caTEMENT ANTID\u00c9RAPANT [2] PAROI EN ACIER INOXYDABLE 2,5 MM [3] BORDS POUR UNE R\u00c9SISTANCE MAXIMALE [4] BASE EN ACIER INOXYDABLE 2 MM, CLOUS EN OPTION [5] PI\u00c8CES \u00c0 ENCASTRER EN ACIER INOXYDABLE [6] SOL \u00c9VACUATION POUR UNE CIRCULATION OPTIMALE DE L&rsquo;EAU [7] RENFORT EN ACIER INOXYDABLE [+] PROFONDEUR DE PISCINE AU CHOIX 1,40 OU 1,50 M [+] ISOLATION DES MURS ET DU SOL INT\u00c9GR\u00c9E [+] VOLET ROULANT INT\u00c9GR\u00c9 EN OPTION<br \/>\nLONGUEUR DE LA PISCINE EN M 7<br \/>\nLARGEUR DE LA PISCINE EN M 3.5<br \/>\nSURFACE D&rsquo;EAU EN M\u00b2 24.5<br \/>\nPROFONDEUR DE LA PISCINE EN M 1.5<br \/>\nPROFONDEUR DE L&rsquo;EAU EN M 1.43<br \/>\nVOLUME DE LA PISCINE EN M\u00b3 35<\/p>\n<p>CONTENU DE LA LIVRAISON<br \/>\nCorps de piscine skimmer en t\u00f4le d&rsquo;acier inoxydable 1.4404 (X2CrNiMol 7-1 2-2) AlSl 316L sol K400<br \/>\nSlimskimmer et drain mural en acier inoxydable<br \/>\nescaliers d&rsquo;angle droits (autres sur demande)<br \/>\nBuses d&rsquo;entr\u00e9e<br \/>\nIsolation du sol 20 mm et isolation des murs mont\u00e9e 50\/20 mm<\/p>\n","protected":false},"featured_media":12384,"comment_status":"closed","ping_status":"closed","template":"","meta":{"inline_featured_image":false},"product_brand":[],"product_cat":[131],"product_tag":[],"class_list":{"0":"post-12337","1":"product","2":"type-product","3":"status-publish","4":"has-post-thumbnail","6":"product_cat-conteneur-piscine","8":"first","9":"instock","10":"sale","11":"product-type-simple"},"_links":{"self":[{"href":"https:\/\/cms-euro.com\/index.php?rest_route=\/wp\/v2\/product\/12337","targetHints":{"allow":["GET"]}}],"collection":[{"href":"https:\/\/cms-euro.com\/index.php?rest_route=\/wp\/v2\/product"}],"about":[{"href":"https:\/\/cms-euro.com\/index.php?rest_route=\/wp\/v2\/types\/product"}],"replies":[{"embeddable":true,"href":"https:\/\/cms-euro.com\/index.php?rest_route=%2Fwp%2Fv2%2Fcomments&post=12337"}],"version-history":[{"count":1,"href":"https:\/\/cms-euro.com\/index.php?rest_route=\/wp\/v2\/product\/12337\/revisions"}],"predecessor-version":[{"id":12385,"href":"https:\/\/cms-euro.com\/index.php?rest_route=\/wp\/v2\/product\/12337\/revisions\/12385"}],"wp:featuredmedia":[{"embeddable":true,"href":"https:\/\/cms-euro.com\/index.php?rest_route=\/wp\/v2\/media\/12384"}],"wp:attachment":[{"href":"https:\/\/cms-euro.com\/index.php?rest_route=%2Fwp%2Fv2%2Fmedia&parent=12337"}],"wp:term":[{"taxonomy":"product_brand","embeddable":true,"href":"https:\/\/cms-euro.com\/index.php?rest_route=%2Fwp%2Fv2%2Fproduct_brand&post=12337"},{"taxonomy":"product_cat","embeddable":true,"href":"https:\/\/cms-euro.com\/index.php?rest_route=%2Fwp%2Fv2%2Fproduct_cat&post=12337"},{"taxonomy":"product_tag","embeddable":true,"href":"https:\/\/cms-euro.com\/index.php?rest_route=%2Fwp%2Fv2%2Fproduct_tag&post=12337"}],"curies":[{"name":"wp","href":"https:\/\/api.w.org\/{rel}","templated":true}]}}