{"id":12342,"date":"2025-06-16T22:04:57","date_gmt":"2025-06-16T22:04:57","guid":{"rendered":"https:\/\/cms-euro.com\/?post_type=product&#038;p=12342"},"modified":"2025-06-16T22:05:39","modified_gmt":"2025-06-16T22:05:39","slug":"abri-sur-container-demontable-8x6","status":"publish","type":"product","link":"https:\/\/cms-euro.com\/?product=abri-sur-container-demontable-8x6","title":{"rendered":"Abri sur container d\u00e9montable 8\u00d76"},"content":{"rendered":"<p>Informations Suppl\u00e9mentaires<br \/>\nL\u2019abri sur container supporte les forces de vent selon la DIN EN 1991, ce qui leur accorde une grande stabilit\u00e9 et r\u00e9sistance aux intemp\u00e9ries. En effet, la stabilit\u00e9 des abris sur containers a \u00e9t\u00e9 prouv\u00e9e m\u00eame sous les vents de forces maximales mesur\u00e9es. Par exemple, des vents de force 10 et inf\u00e9rieurs ne posent ainsi pas de probl\u00e8me \u00e0 votre tente sur conteneur.<\/p>\n<p>De plus, l\u2019abri sur container de stockage r\u00e9siste \u00e0 des diff\u00e9rences de temp\u00e9rature comprises entre -30 et +50\u00b0C. Les parois avant comprennent une porte et les parois arri\u00e8re sont disponibles en option si vous le souhaitez. En effet, ces parois permettent de mieux prot\u00e9ger le stock de votre mat\u00e9riel face au mauvais temps et intemp\u00e9ries. <\/p>\n<p>Enfin, la paroi des box abris de stockage 8\u00d76 avant disposent d\u2019une ouverture mesurant 4\u00d74 m\u00e8tres avec une porte int\u00e9gr\u00e9e. La paroi arri\u00e8re en revanche est compl\u00e8tement ferm\u00e9e. Pour finir, il est tr\u00e8s important pour l\u2019installation de votre abri sur conteneurs de pr\u00e9voir la location d\u2019une nacelle.<\/p>\n<p>Les Box\u2019Abri sur container 20 pieds sont appr\u00e9ci\u00e9s dans l\u2019industrie du transport, l\u2019arm\u00e9e, l\u2019agriculture, le btp ou encore de gros chantiers. C\u2019est ainsi que ce type d\u2019abri de stockage est multi usage et peut \u00eatre utilis\u00e9 notamment en tant que :<\/p>\n<p>Hangar.<br \/>\nTente de travail.<br \/>\nAtelier.<br \/>\nContainer abri de jardin.<br \/>\nTunnel de stockage.<br \/>\nAbri tunnel.<br \/>\nAbri de stockage agricole.<br \/>\nParking.<br \/>\nSurface prot\u00e9g\u00e9e pour des \u00e9v\u00e8nements, etc.<br \/>\nPossibilit\u00e9 d&rsquo;extension<\/p>\n<p>L&rsquo;abri est flexible et peut \u00eatre prolong\u00e9 par vos propres moyens. Id\u00e9al, il fera un parking silo ou un grand garage spacieux pour v\u00e9hicules !Une extension facile \u00e0 r\u00e9aliser :<\/p>\n<p>plusieurs abris peuvent \u00eatre reli\u00e9s entre eux (\u00e0 largeur \u00e9gale)<br \/>\nles abris doivent \u00eatre plac\u00e9s l&rsquo;un derri\u00e8re l&rsquo;autre<br \/>\nle bord de la b\u00e2che du premier abri doit \u00eatre superpos\u00e9 sur le premier arc de l&rsquo;abri suivant<br \/>\nPour toute question, contactez notre service client<br \/>\nVeuillez tenir compte des notes relatives \u00e0 l&rsquo;extension des abri<\/p>\n<p>Livraison<\/p>\n<p>Contenu de la livraison<\/p>\n<p>Structure en acier enti\u00e8rement galvanis\u00e9<br \/>\nB\u00e2che de toit longue dur\u00e9e<br \/>\nSyst\u00e8me d&rsquo;ancrage pour montage sur containers (norme ISO 668) ou sur poutres en acier<br \/>\nNotice de montage<br \/>\nManuel de statique pour statique<br \/>\nNotes sur la livraison<br \/>\nLivraison dans une caisse par transporteur<br \/>\nLivraison dans de solides caisses en bois &#038; cadre en acier<br \/>\nCaisses prot\u00e9g\u00e9es de l&rsquo;humidit\u00e9 &#038; de la corrosion<br \/>\nD\u00e9chargement avec 1 chariot \u00e9l\u00e9vateur, capacit\u00e9 de charge 258 kg<\/p>\n","protected":false},"excerpt":{"rendered":"<p>Un abris sur conteneurs 20 pieds<\/p>\n<p>8&#215;6 m Abri mont\u00e9 sur containers, Primetex 2300 anti-feu, vert fonc\u00e9 ( d&rsquo;autre couleurs disponible )<\/p>\n<p>Solution de couverture polyvalente pour containers ISO<\/p>\n<p>Montage facile et rapide<\/p>\n<p>B\u00e2che Primetex 2300 anti-feu tr\u00e8s r\u00e9sistante \u00e0 la d\u00e9chirure avec garantie 5 ans<\/p>\n<p>Structure acier avec garantie 10 ans<\/p>\n<p>Support de fixation inclus<\/p>\n<p>Offrez-vous un abri sur container qui est une solution de stockage stable mont\u00e9e entre deux containers 20 pieds. Le tunnel de stockage est compos\u00e9 d\u2019une armature de tubes en acier galvanis\u00e9 tr\u00e8s \u00e9pais avec un traitement anticorrosion. Le container abri de stockage poss\u00e8de \u00e9galement une b\u00e2che robuste en PVC moul\u00e9 de haute r\u00e9sistance avec un tissu enduit d\u2019environ 720 g\/m2 d\u2019\u00e9paisseur. Cette b\u00e2che \u00e0 abri conteneur poss\u00e8de la certification ignifug\u00e9e (anti-feu) selon les DIN EN 13501 et DIN 4102 B1.<\/p>\n<p>Dimensions : 8\u00d76 m.<br \/>\nSuperficie : 42 m2.<br \/>\nHauteur au fa\u00eetage au dessus du container : 3 m.<br \/>\nHauteur totale : 5,60 m.<\/p>\n","protected":false},"featured_media":12424,"comment_status":"closed","ping_status":"closed","template":"","meta":{"inline_featured_image":false},"product_brand":[],"product_cat":[117],"product_tag":[],"class_list":{"0":"post-12342","1":"product","2":"type-product","3":"status-publish","4":"has-post-thumbnail","6":"product_cat-containers","8":"first","9":"instock","10":"sale","11":"product-type-simple"},"_links":{"self":[{"href":"https:\/\/cms-euro.com\/index.php?rest_route=\/wp\/v2\/product\/12342","targetHints":{"allow":["GET"]}}],"collection":[{"href":"https:\/\/cms-euro.com\/index.php?rest_route=\/wp\/v2\/product"}],"about":[{"href":"https:\/\/cms-euro.com\/index.php?rest_route=\/wp\/v2\/types\/product"}],"replies":[{"embeddable":true,"href":"https:\/\/cms-euro.com\/index.php?rest_route=%2Fwp%2Fv2%2Fcomments&post=12342"}],"version-history":[{"count":1,"href":"https:\/\/cms-euro.com\/index.php?rest_route=\/wp\/v2\/product\/12342\/revisions"}],"predecessor-version":[{"id":12425,"href":"https:\/\/cms-euro.com\/index.php?rest_route=\/wp\/v2\/product\/12342\/revisions\/12425"}],"wp:featuredmedia":[{"embeddable":true,"href":"https:\/\/cms-euro.com\/index.php?rest_route=\/wp\/v2\/media\/12424"}],"wp:attachment":[{"href":"https:\/\/cms-euro.com\/index.php?rest_route=%2Fwp%2Fv2%2Fmedia&parent=12342"}],"wp:term":[{"taxonomy":"product_brand","embeddable":true,"href":"https:\/\/cms-euro.com\/index.php?rest_route=%2Fwp%2Fv2%2Fproduct_brand&post=12342"},{"taxonomy":"product_cat","embeddable":true,"href":"https:\/\/cms-euro.com\/index.php?rest_route=%2Fwp%2Fv2%2Fproduct_cat&post=12342"},{"taxonomy":"product_tag","embeddable":true,"href":"https:\/\/cms-euro.com\/index.php?rest_route=%2Fwp%2Fv2%2Fproduct_tag&post=12342"}],"curies":[{"name":"wp","href":"https:\/\/api.w.org\/{rel}","templated":true}]}}