{"id":12547,"date":"2025-06-16T22:06:19","date_gmt":"2025-06-16T22:06:19","guid":{"rendered":"https:\/\/cms-euro.com\/?post_type=product&#038;p=12547"},"modified":"2025-06-16T22:06:28","modified_gmt":"2025-06-16T22:06:28","slug":"conteneur-de-douche-avec-2-douches","status":"publish","type":"product","link":"https:\/\/cms-euro.com\/?product=conteneur-de-douche-avec-2-douches","title":{"rendered":"Conteneur de douche avec 2 douches"},"content":{"rendered":"","protected":false},"excerpt":{"rendered":"<p>Conteneur sanitaire avec double douches<\/p>\n<p>Connectez simplement l\u2019\u00e9lectricit\u00e9, l\u2019eau et les eaux us\u00e9es \u2013 pr\u00eats \u00e0 \u00eatre utilis\u00e9s imm\u00e9diatement<\/p>\n<p>\u2013  Installation \u00e9lectrique compl\u00e8te selon les directives CE<br \/>\n\u2013 Prises 230V<br \/>\n\u2013 Plafonnier<br \/>\n\u2013 Rev\u00eatement de sol en PVC, robuste et rapide \u00e0 nettoyer<br \/>\n\u2013 Siphon de sol<br \/>\n\u2013 pas de chauffage, pas de chaudi\u00e8re \u00e0 eau chaude<br \/>\n\u2013 Dimensions 2,75 m\u00e8tres de haut, 1,40 m\u00e8tres de profondeur, 2,10 m\u00e8tres de largeur.<br \/>\n\u2013 profil sandwich isol\u00e9, pour une faible perte d\u2019\u00e9nergie<\/p>\n<p>Nous pouvons \u00e9galement produire \u00e0 tout moment dans d\u2019autres tailles et couleurs selon vos sp\u00e9cifications.<\/p>\n","protected":false},"featured_media":12563,"comment_status":"closed","ping_status":"closed","template":"","meta":{"inline_featured_image":false},"product_brand":[],"product_cat":[117,120],"product_tag":[],"class_list":{"0":"post-12547","1":"product","2":"type-product","3":"status-publish","4":"has-post-thumbnail","6":"product_cat-containers","7":"product_cat-conteneurs-sanitaire","9":"first","10":"instock","11":"sale","12":"product-type-simple"},"_links":{"self":[{"href":"https:\/\/cms-euro.com\/index.php?rest_route=\/wp\/v2\/product\/12547","targetHints":{"allow":["GET"]}}],"collection":[{"href":"https:\/\/cms-euro.com\/index.php?rest_route=\/wp\/v2\/product"}],"about":[{"href":"https:\/\/cms-euro.com\/index.php?rest_route=\/wp\/v2\/types\/product"}],"replies":[{"embeddable":true,"href":"https:\/\/cms-euro.com\/index.php?rest_route=%2Fwp%2Fv2%2Fcomments&post=12547"}],"version-history":[{"count":1,"href":"https:\/\/cms-euro.com\/index.php?rest_route=\/wp\/v2\/product\/12547\/revisions"}],"predecessor-version":[{"id":12564,"href":"https:\/\/cms-euro.com\/index.php?rest_route=\/wp\/v2\/product\/12547\/revisions\/12564"}],"wp:featuredmedia":[{"embeddable":true,"href":"https:\/\/cms-euro.com\/index.php?rest_route=\/wp\/v2\/media\/12563"}],"wp:attachment":[{"href":"https:\/\/cms-euro.com\/index.php?rest_route=%2Fwp%2Fv2%2Fmedia&parent=12547"}],"wp:term":[{"taxonomy":"product_brand","embeddable":true,"href":"https:\/\/cms-euro.com\/index.php?rest_route=%2Fwp%2Fv2%2Fproduct_brand&post=12547"},{"taxonomy":"product_cat","embeddable":true,"href":"https:\/\/cms-euro.com\/index.php?rest_route=%2Fwp%2Fv2%2Fproduct_cat&post=12547"},{"taxonomy":"product_tag","embeddable":true,"href":"https:\/\/cms-euro.com\/index.php?rest_route=%2Fwp%2Fv2%2Fproduct_tag&post=12547"}],"curies":[{"name":"wp","href":"https:\/\/api.w.org\/{rel}","templated":true}]}}