{"id":12603,"date":"2025-06-16T22:06:40","date_gmt":"2025-06-16T22:06:40","guid":{"rendered":"https:\/\/cms-euro.com\/?post_type=product&#038;p=12603"},"modified":"2025-06-16T22:06:52","modified_gmt":"2025-06-16T22:06:52","slug":"conteneur-sanitaire-double-avec-reservoir","status":"publish","type":"product","link":"https:\/\/cms-euro.com\/?product=conteneur-sanitaire-double-avec-reservoir","title":{"rendered":"Conteneur sanitaire double avec r\u00e9servoir"},"content":{"rendered":"","protected":false},"excerpt":{"rendered":"<p>Description<br \/>\nMod\u00e8le Premium en version bois<\/p>\n<p>Dimensions 3X2x2m<\/p>\n<p>Pr\u00eat \u00e0 l\u2019emploi connectez simplement l\u2019\u00e9lectricit\u00e9, l\u2019eau et les eaux us\u00e9es.<\/p>\n<p>WC double cabine 3\u00d72 m\u00e8tres avec r\u00e9servoir \u00e0 d\u00e9chets, avec toilettes pour hommes et femmes<\/p>\n<p>\u2013 2 fen\u00eatres<br \/>\n\u2013 Profil\u00e9 sandwich \u00e0 isolation thermique 75 mm pour une faible perte d\u2019\u00e9nergie<br \/>\n\u2013 Porte ext\u00e9rieure en t\u00f4le d\u2019acier H\u00f6rmann galvanis\u00e9e<br \/>\n\u2013 Urinoirs<br \/>\n\u2013 Installation \u00e9lectrique compl\u00e8te selon les directives CE<br \/>\n\u2013 Prises 230V<br \/>\n\u2013 Plafonniers<br \/>\n\u2013 Rev\u00eatement de sol en PVC \u2013 robuste et facile \u00e0 nettoyer<br \/>\n\u2013 2 radiateurs muraux \u00e9lectriques<br \/>\n\u2013 R\u00e9servoir d\u2019eaux us\u00e9es<br \/>\n\u2013 Escaliers<br \/>\n-Dimensions 3,00 m\u00e8tres de largeur, 2 m\u00e8tres de profondeur, 3 m\u00e8tres de hauteur, poids 1500KG<br \/>\n\u2013 Dimensions de l\u2019escalier 2,60 m\u00e8tres de largeur x 0,64 m\u00e8tres de hauteur x 0,75 m\u00e8tres de profondeur<\/p>\n<p>La location possible \u00e0 des tarifs mensuels bas.<br \/>\nNous pouvons \u00e9galement produire \u00e0 tout moment dans d\u2019autres tailles et couleurs selon vos sp\u00e9cifications.<\/p>\n","protected":false},"featured_media":12625,"comment_status":"closed","ping_status":"closed","template":"","meta":{"inline_featured_image":false},"product_brand":[],"product_cat":[117,120],"product_tag":[],"class_list":{"0":"post-12603","1":"product","2":"type-product","3":"status-publish","4":"has-post-thumbnail","6":"product_cat-containers","7":"product_cat-conteneurs-sanitaire","9":"first","10":"instock","11":"sale","12":"taxable","13":"shipping-taxable","14":"product-type-simple"},"_links":{"self":[{"href":"https:\/\/cms-euro.com\/index.php?rest_route=\/wp\/v2\/product\/12603","targetHints":{"allow":["GET"]}}],"collection":[{"href":"https:\/\/cms-euro.com\/index.php?rest_route=\/wp\/v2\/product"}],"about":[{"href":"https:\/\/cms-euro.com\/index.php?rest_route=\/wp\/v2\/types\/product"}],"replies":[{"embeddable":true,"href":"https:\/\/cms-euro.com\/index.php?rest_route=%2Fwp%2Fv2%2Fcomments&post=12603"}],"version-history":[{"count":1,"href":"https:\/\/cms-euro.com\/index.php?rest_route=\/wp\/v2\/product\/12603\/revisions"}],"predecessor-version":[{"id":12626,"href":"https:\/\/cms-euro.com\/index.php?rest_route=\/wp\/v2\/product\/12603\/revisions\/12626"}],"wp:featuredmedia":[{"embeddable":true,"href":"https:\/\/cms-euro.com\/index.php?rest_route=\/wp\/v2\/media\/12625"}],"wp:attachment":[{"href":"https:\/\/cms-euro.com\/index.php?rest_route=%2Fwp%2Fv2%2Fmedia&parent=12603"}],"wp:term":[{"taxonomy":"product_brand","embeddable":true,"href":"https:\/\/cms-euro.com\/index.php?rest_route=%2Fwp%2Fv2%2Fproduct_brand&post=12603"},{"taxonomy":"product_cat","embeddable":true,"href":"https:\/\/cms-euro.com\/index.php?rest_route=%2Fwp%2Fv2%2Fproduct_cat&post=12603"},{"taxonomy":"product_tag","embeddable":true,"href":"https:\/\/cms-euro.com\/index.php?rest_route=%2Fwp%2Fv2%2Fproduct_tag&post=12603"}],"curies":[{"name":"wp","href":"https:\/\/api.w.org\/{rel}","templated":true}]}}