{"id":12939,"date":"2025-07-28T10:51:34","date_gmt":"2025-07-28T10:51:34","guid":{"rendered":"https:\/\/cms-euro.com\/?post_type=product&#038;p=12939"},"modified":"2025-07-28T10:51:34","modified_gmt":"2025-07-28T10:51:34","slug":"conteneur-maritime-20%e2%80%b2-hc-high-cube-avec-porte-laterale-unidirectionnelle","status":"publish","type":"product","link":"https:\/\/cms-euro.com\/?product=conteneur-maritime-20%e2%80%b2-hc-high-cube-avec-porte-laterale-unidirectionnelle","title":{"rendered":"Conteneur Maritime 20\u2032 HC (High Cube) avec Porte Lat\u00e9rale Unidirectionnelle"},"content":{"rendered":"","protected":false},"excerpt":{"rendered":"<p>Description du Conteneur Maritime 20\u2032 HC (High Cube) avec Porte Lat\u00e9rale Unidirectionnelle<\/p>\n<p>&nbsp;<\/p>\n<ul>\n<li><strong>Type<\/strong>\u00a0: Conteneur maritime 20\u2032 HC (High Cube) modifi\u00e9 avec porte lat\u00e9rale unidirectionnelle.<\/li>\n<li><strong>\u00c9tat<\/strong>\u00a0: Apr\u00e8s un seul voyage (neuf ou quasi neuf).<\/li>\n<li><strong>Dimensions<\/strong>\u00a0:\n<ul>\n<li><strong>Largeur<\/strong>\u00a0: 2,44 m<\/li>\n<li><strong>Longueur<\/strong>\u00a0: 6,06 m<\/li>\n<li><strong>Hauteur<\/strong>\u00a0: 2,90 m<\/li>\n<li><strong>Surface int\u00e9rieure<\/strong>\u00a0: 14,79 m\u00b2<\/li>\n<\/ul>\n<\/li>\n<\/ul>\n<p>&nbsp;<\/p>\n<ul>\n<li><strong>Caract\u00e9ristiques<\/strong>\u00a0:\n<ul>\n<li><strong>\u00c9tanch\u00e9it\u00e9<\/strong>\u00a0: Parfaitement \u00e9tanche, con\u00e7u pour prot\u00e9ger les marchandises des intemp\u00e9ries.<\/li>\n<li><strong>Sol<\/strong>\u00a0: En bon \u00e9tat, r\u00e9sistant \u00e0 l\u2019humidit\u00e9 et aux charges lourdes.<\/li>\n<li><strong>Murs<\/strong>\u00a0: Structure solide, murs sans d\u00e9formation ou dommages, v\u00e9rifi\u00e9s pour r\u00e9pondre aux normes de qualit\u00e9.<\/li>\n<li><strong>Portes<\/strong>\u00a0:\n<ul>\n<li><strong>Type de porte principale<\/strong>\u00a0: Porte marine originale, standard pour les conteneurs maritimes.<\/li>\n<li><strong>Porte lat\u00e9rale unidirectionnelle<\/strong>\u00a0: Facilite l\u2019acc\u00e8s aux marchandises sans devoir ouvrir l\u2019arri\u00e8re du conteneur.<\/li>\n<li><strong>Porte suppl\u00e9mentaire<\/strong>\u00a0: Offre une flexibilit\u00e9 suppl\u00e9mentaire pour le chargement et le d\u00e9chargement.<\/li>\n<\/ul>\n<\/li>\n<\/ul>\n<\/li>\n<\/ul>\n<p>&nbsp;<\/p>\n<p>Variante et Version :<\/p>\n<ul>\n<li><strong>Variante<\/strong>\u00a0: HC (High Cube, hauteur augment\u00e9e pour un plus grand volume de chargement).<\/li>\n<li><strong>Version<\/strong>\u00a0: Modifi\u00e9 (ajout de porte lat\u00e9rale et porte suppl\u00e9mentaire).<\/li>\n<\/ul>\n<p>&nbsp;<\/p>\n<p>Applications :<\/p>\n<ul>\n<li><strong>Stockage<\/strong>\u00a0: Ce mod\u00e8le est id\u00e9al pour le stockage de marchandises n\u00e9cessitant un acc\u00e8s lat\u00e9ral rapide et un espace volumineux.<\/li>\n<li><strong>Transport<\/strong>\u00a0: Tr\u00e8s pratique pour l\u2019exp\u00e9dition de marchandises volumineuses ou n\u00e9cessitant des points d\u2019acc\u00e8s multiples.<\/li>\n<li><strong>Projets modulaires<\/strong>\u00a0: Avec sa porte lat\u00e9rale et sa hauteur suppl\u00e9mentaire, ce conteneur est un excellent choix pour des projets de construction modulaires (bureaux, espaces de vente, etc.).<\/li>\n<\/ul>\n","protected":false},"featured_media":12944,"comment_status":"open","ping_status":"closed","template":"","meta":{"inline_featured_image":false},"product_brand":[],"product_cat":[117,103],"product_tag":[],"class_list":{"0":"post-12939","1":"product","2":"type-product","3":"status-publish","4":"has-post-thumbnail","6":"product_cat-containers","7":"product_cat-conteneur-neuf-et-occasions","9":"first","10":"instock","11":"taxable","12":"shipping-taxable","13":"product-type-simple"},"_links":{"self":[{"href":"https:\/\/cms-euro.com\/index.php?rest_route=\/wp\/v2\/product\/12939","targetHints":{"allow":["GET"]}}],"collection":[{"href":"https:\/\/cms-euro.com\/index.php?rest_route=\/wp\/v2\/product"}],"about":[{"href":"https:\/\/cms-euro.com\/index.php?rest_route=\/wp\/v2\/types\/product"}],"replies":[{"embeddable":true,"href":"https:\/\/cms-euro.com\/index.php?rest_route=%2Fwp%2Fv2%2Fcomments&post=12939"}],"version-history":[{"count":1,"href":"https:\/\/cms-euro.com\/index.php?rest_route=\/wp\/v2\/product\/12939\/revisions"}],"predecessor-version":[{"id":12956,"href":"https:\/\/cms-euro.com\/index.php?rest_route=\/wp\/v2\/product\/12939\/revisions\/12956"}],"wp:featuredmedia":[{"embeddable":true,"href":"https:\/\/cms-euro.com\/index.php?rest_route=\/wp\/v2\/media\/12944"}],"wp:attachment":[{"href":"https:\/\/cms-euro.com\/index.php?rest_route=%2Fwp%2Fv2%2Fmedia&parent=12939"}],"wp:term":[{"taxonomy":"product_brand","embeddable":true,"href":"https:\/\/cms-euro.com\/index.php?rest_route=%2Fwp%2Fv2%2Fproduct_brand&post=12939"},{"taxonomy":"product_cat","embeddable":true,"href":"https:\/\/cms-euro.com\/index.php?rest_route=%2Fwp%2Fv2%2Fproduct_cat&post=12939"},{"taxonomy":"product_tag","embeddable":true,"href":"https:\/\/cms-euro.com\/index.php?rest_route=%2Fwp%2Fv2%2Fproduct_tag&post=12939"}],"curies":[{"name":"wp","href":"https:\/\/api.w.org\/{rel}","templated":true}]}}